CRAN Package Check Results for Package econet

Last updated on 2023-01-31 07:54:09 CET.

Flavor Version Tinstall Tcheck Ttotal Status Flags
r-devel-linux-x86_64-debian-clang 1.0.0 19.51 156.15 175.66 OK
r-devel-linux-x86_64-debian-gcc 1.0.0 14.11 112.86 126.97 OK
r-devel-linux-x86_64-fedora-clang 1.0.0 222.73 OK
r-devel-linux-x86_64-fedora-gcc 1.0.0 244.75 OK
r-devel-windows-x86_64 1.0.0 38.00 257.00 295.00 OK
r-patched-linux-x86_64 1.0.0 18.54 149.23 167.77 OK
r-release-linux-x86_64 1.0.0 18.88 149.95 168.83 OK
r-release-macos-arm64 1.0.0 54.00 WARN
r-release-macos-x86_64 1.0.0 85.00 WARN
r-release-windows-x86_64 1.0.0 50.00 211.00 261.00 OK
r-oldrel-macos-arm64 1.0.0 56.00 WARN
r-oldrel-macos-x86_64 1.0.0 85.00 WARN
r-oldrel-windows-ix86+x86_64 1.0.0 39.00 155.00 194.00 WARN

Check Details

Version: 1.0.0
Check: re-building of vignette outputs
Result: WARN
    Error(s) in re-building vignettes:
     ...
    --- re-building ‘econet.tex’ using tex
    Error: processing vignette 'econet.tex' failed with diagnostics:
    Running 'texi2dvi' on 'econet.tex' failed.
    LaTeX errors:
    ! LaTeX Error: File `orcidlink.sty' not found.
    
    Type X to quit or <RETURN> to proceed,
    or enter new name. (Default extension: sty)
    
    ! Emergency stop.
    <read *>
    
    l.5 \graphicspath
     {{Figures/}}^^M
    ! ==> Fatal error occurred, no output PDF file produced!
    --- failed re-building ‘econet.tex’
    
    SUMMARY: processing the following file failed:
     ‘econet.tex’
    
    Error: Vignette re-building failed.
    Execution halted
Flavors: r-release-macos-arm64, r-release-macos-x86_64, r-oldrel-macos-arm64, r-oldrel-macos-x86_64

Version: 1.0.0
Check: re-building of vignette outputs
Result: WARN
    Error(s) in re-building vignettes:
    --- re-building 'econet.tex' using tex
    Warning in system(paste(shQuote(texi2dvi), if (quiet) "--quiet" else "", :
     running command '"D:\compiler\texmf\miktex\bin\texify.exe" --quiet --pdf "econet.tex" --max-iterations=20 -I "D:/RCompile/recent/R-4.1.3/share/texmf/tex/latex" -I "D:/RCompile/recent/R-4.1.3/share/texmf/bibtex/bst"' had status 1
    Error: processing vignette 'econet.tex' failed with diagnostics:
    running 'texi2dvi' on 'econet.tex' failed
    
    LaTeX errors:
    ! LaTeX Error: File `orcidlink.sty' not found.
    
    Type X to quit or <RETURN> to proceed,
    or enter new name. (Default extension: sty)
    
    
    --- failed re-building 'econet.tex'
    
    SUMMARY: processing the following file failed:
     'econet.tex'
    
    Error: Vignette re-building failed.
    Execution halted
Flavor: r-oldrel-windows-ix86+x86_64