Last updated on 2023-06-01 07:56:59 CEST.
Flavor | Version | Tinstall | Tcheck | Ttotal | Status | Flags |
---|---|---|---|---|---|---|
r-devel-linux-x86_64-debian-clang | 1.2.6.4 | 3.96 | 56.69 | 60.65 | OK | |
r-devel-linux-x86_64-debian-gcc | 1.2.6.4 | 3.03 | 42.25 | 45.28 | OK | |
r-devel-linux-x86_64-fedora-clang | 1.2.6.4 | 78.67 | OK | |||
r-devel-linux-x86_64-fedora-gcc | 1.2.6.4 | 83.52 | OK | |||
r-devel-windows-x86_64 | 1.2.6.4 | 7.00 | 82.00 | 89.00 | OK | |
r-patched-linux-x86_64 | 1.2.6.4 | OK | ||||
r-release-linux-x86_64 | 1.2.6.4 | 3.86 | 54.64 | 58.50 | OK | |
r-release-macos-arm64 | 1.2.6.4 | 42.00 | OK | |||
r-release-macos-x86_64 | 1.2.6.4 | 60.00 | NOTE | |||
r-release-windows-x86_64 | 1.2.6.4 | 7.00 | 90.00 | 97.00 | OK | |
r-oldrel-macos-arm64 | 1.2.6.4 | 31.00 | OK | |||
r-oldrel-macos-x86_64 | 1.2.6.4 | 46.00 | OK | |||
r-oldrel-windows-x86_64 | 1.2.6.4 | 8.00 | 89.00 | 97.00 | OK |
Version: 1.2.6.4
Check: package dependencies
Result: NOTE
Package suggested but not available for checking: ‘seacarb’
Flavor: r-release-macos-x86_64