CRAN Package Check Results for Package ecolMod

Last updated on 2023-11-30 07:52:33 CET.

Flavor Version Tinstall Tcheck Ttotal Status Flags
r-devel-linux-x86_64-debian-clang 1.2.6.4 4.99 56.14 61.13 OK
r-devel-linux-x86_64-debian-gcc 1.2.6.4 3.19 42.79 45.98 OK
r-devel-linux-x86_64-fedora-clang 1.2.6.4 79.06 OK
r-devel-linux-x86_64-fedora-gcc 1.2.6.4 90.12 OK
r-devel-windows-x86_64 1.2.6.4 7.00 83.00 90.00 OK
r-patched-linux-x86_64 1.2.6.4 3.69 54.59 58.28 OK
r-release-linux-x86_64 1.2.6.4 4.05 54.66 58.71 OK
r-release-macos-arm64 1.2.6.4 42.00 OK
r-release-macos-x86_64 1.2.6.4 60.00 NOTE
r-release-windows-x86_64 1.2.6.4 9.00 85.00 94.00 OK
r-oldrel-macos-arm64 1.2.6.4 31.00 OK
r-oldrel-macos-x86_64 1.2.6.4 46.00 OK
r-oldrel-windows-x86_64 1.2.6.4 9.00 91.00 100.00 OK

Check Details

Version: 1.2.6.4
Check: package dependencies
Result: NOTE Package suggested but not available for checking: ‘seacarb’ Flavor: r-release-macos-x86_64