Last updated on 2023-01-27 07:50:31 CET.
Flavor | Version | Tinstall | Tcheck | Ttotal | Status | Flags |
---|---|---|---|---|---|---|
r-devel-linux-x86_64-debian-clang | 6.3.0 | 3.36 | 30.19 | 33.55 | OK | |
r-devel-linux-x86_64-debian-gcc | 6.3.0 | 1.79 | 23.52 | 25.31 | OK | |
r-devel-linux-x86_64-fedora-clang | 6.3.0 | 45.92 | NOTE | |||
r-devel-linux-x86_64-fedora-gcc | 6.3.0 | 43.71 | NOTE | |||
r-devel-windows-x86_64 | 6.3.0 | 13.00 | 55.00 | 68.00 | OK | |
r-patched-linux-x86_64 | 6.3.0 | 2.57 | 29.84 | 32.41 | OK | |
r-release-linux-x86_64 | 6.3.0 | 2.24 | 30.27 | 32.51 | OK | |
r-release-macos-arm64 | 6.3.0 | 17.00 | NOTE | |||
r-release-macos-x86_64 | 6.3.0 | 29.00 | NOTE | |||
r-release-windows-x86_64 | 6.3.0 | 10.00 | 56.00 | 66.00 | OK | |
r-oldrel-macos-arm64 | 6.3.0 | 28.00 | NOTE | |||
r-oldrel-macos-x86_64 | 6.3.0 | 37.00 | NOTE | |||
r-oldrel-windows-ix86+x86_64 | 6.3.0 | 9.00 | 54.00 | 63.00 | OK |
Version: 6.3.0
Check: dependencies in R code
Result: NOTE
Namespaces in Imports field not imported from:
‘lmtest’ ‘sandwich’ ‘urca’
All declared Imports should be used.
Flavors: r-devel-linux-x86_64-fedora-clang, r-devel-linux-x86_64-fedora-gcc, r-release-macos-arm64, r-release-macos-x86_64, r-oldrel-macos-arm64, r-oldrel-macos-x86_64