Last updated on 2023-04-02 07:55:10 CEST.
Flavor | Version | Tinstall | Tcheck | Ttotal | Status | Flags |
---|---|---|---|---|---|---|
r-devel-linux-x86_64-debian-clang | 0.1.2 | 5.98 | 87.12 | 93.10 | OK | |
r-devel-linux-x86_64-debian-gcc | 0.1.2 | 6.69 | 63.63 | 70.32 | OK | |
r-devel-linux-x86_64-fedora-clang | 0.1.2 | 124.50 | NOTE | |||
r-devel-linux-x86_64-fedora-gcc | 0.1.2 | 114.74 | NOTE | |||
r-devel-windows-x86_64 | 0.1.2 | 14.00 | 119.00 | 133.00 | OK | |
r-patched-linux-x86_64 | 0.1.2 | 5.34 | 81.10 | 86.44 | OK | |
r-release-linux-x86_64 | 0.1.2 | 4.87 | 83.32 | 88.19 | OK | |
r-release-macos-arm64 | 0.1.2 | 37.00 | NOTE | |||
r-release-macos-x86_64 | 0.1.2 | 52.00 | NOTE | |||
r-release-windows-x86_64 | 0.1.2 | 22.00 | 134.00 | 156.00 | OK |
Version: 0.1.2
Check: data for non-ASCII characters
Result: NOTE
Note: found 2 marked UTF-8 strings
Flavors: r-devel-linux-x86_64-fedora-clang, r-devel-linux-x86_64-fedora-gcc, r-release-macos-arm64, r-release-macos-x86_64