Last updated on 2023-02-03 06:50:14 CET.
Flavor | Version | Tinstall | Tcheck | Ttotal | Status | Flags |
---|---|---|---|---|---|---|
r-devel-linux-x86_64-debian-clang | 0.14.6 | 24.85 | 320.92 | 345.77 | OK | |
r-devel-linux-x86_64-debian-gcc | 0.14.6 | 15.27 | 229.78 | 245.05 | OK | |
r-devel-linux-x86_64-fedora-clang | 0.14.6 | 425.36 | NOTE | |||
r-devel-linux-x86_64-fedora-gcc | 0.14.6 | 396.34 | NOTE | |||
r-devel-windows-x86_64 | 0.14.6 | 53.00 | 347.00 | 400.00 | OK | |
r-patched-linux-x86_64 | 0.14.6 | 18.49 | 296.95 | 315.44 | OK | |
r-release-linux-x86_64 | 0.14.6 | 17.64 | 293.21 | 310.85 | OK | |
r-release-macos-arm64 | 0.14.6 | 121.00 | NOTE | |||
r-release-macos-x86_64 | 0.14.6 | 141.00 | NOTE | |||
r-release-windows-x86_64 | 0.14.6 | 41.00 | 351.00 | 392.00 | OK | |
r-oldrel-macos-arm64 | 0.14.6 | 106.00 | NOTE | |||
r-oldrel-macos-x86_64 | 0.14.6 | 138.00 | NOTE | |||
r-oldrel-windows-ix86+x86_64 | 0.14.6 | 44.00 | 337.00 | 381.00 | OK |
Version: 0.14.6
Check: dependencies in R code
Result: NOTE
Namespace in Imports field not imported from: ‘parallel’
All declared Imports should be used.
Flavors: r-devel-linux-x86_64-fedora-clang, r-devel-linux-x86_64-fedora-gcc, r-release-macos-arm64, r-release-macos-x86_64, r-oldrel-macos-arm64, r-oldrel-macos-x86_64