Last updated on 2023-01-31 07:54:09 CET.
Flavor | Version | Tinstall | Tcheck | Ttotal | Status | Flags |
---|---|---|---|---|---|---|
r-devel-linux-x86_64-debian-clang | 0.20.0 | 9.47 | 150.17 | 159.64 | NOTE | |
r-devel-linux-x86_64-debian-gcc | 0.20.0 | 8.63 | 106.35 | 114.98 | NOTE | |
r-devel-linux-x86_64-fedora-clang | 0.20.0 | 190.02 | NOTE | |||
r-devel-linux-x86_64-fedora-gcc | 0.20.0 | 193.85 | NOTE | |||
r-devel-windows-x86_64 | 0.20.0 | 80.00 | 192.00 | 272.00 | NOTE | |
r-patched-linux-x86_64 | 0.20.0 | 7.89 | 135.37 | 143.26 | OK | |
r-release-linux-x86_64 | 0.20.0 | 9.91 | 124.07 | 133.98 | OK | |
r-release-macos-arm64 | 0.20.0 | 52.00 | OK | |||
r-release-macos-x86_64 | 0.20.0 | 70.00 | OK | |||
r-release-windows-x86_64 | 0.20.0 | 119.00 | 211.00 | 330.00 | OK | |
r-oldrel-macos-arm64 | 0.20.0 | 49.00 | OK | |||
r-oldrel-macos-x86_64 | 0.20.0 | 81.00 | OK | |||
r-oldrel-windows-ix86+x86_64 | 0.20.0 | 19.00 | 207.00 | 226.00 | OK |
Version: 0.20.0
Check: package subdirectories
Result: NOTE
Problems with news in ‘NEWS.md’:
Cannot extract version info from the following section titles:
breaking changes
major changes
minor changes
Internal
Flavors: r-devel-linux-x86_64-debian-clang, r-devel-linux-x86_64-debian-gcc, r-devel-linux-x86_64-fedora-clang, r-devel-linux-x86_64-fedora-gcc, r-devel-windows-x86_64