CRAN Package Check Results for Package eatDB

Last updated on 2023-03-31 07:53:24 CEST.

Flavor Version Tinstall Tcheck Ttotal Status Flags
r-devel-linux-x86_64-debian-clang 0.5.0 2.11 28.83 30.94 OK
r-devel-linux-x86_64-debian-gcc 0.5.0 1.68 22.45 24.13 OK
r-devel-linux-x86_64-fedora-clang 0.5.0 39.99 OK
r-devel-linux-x86_64-fedora-gcc 0.5.0 37.60 OK
r-devel-windows-x86_64 0.5.0 20.00 0.00 20.00 OK
r-patched-linux-x86_64 0.5.0 1.95 27.79 29.74 OK
r-release-linux-x86_64 0.5.0 2.67 28.91 31.58 OK
r-release-macos-arm64 0.5.0 18.00 NOTE
r-release-macos-x86_64 0.5.0 24.00 NOTE
r-release-windows-x86_64 0.5.0 18.00 61.00 79.00 OK
r-oldrel-macos-arm64 0.5.0 16.00 NOTE
r-oldrel-macos-x86_64 0.5.0 24.00 NOTE
r-oldrel-windows-ix86+x86_64 0.5.0 6.00 53.00 59.00 OK

Check Details

Version: 0.5.0
Check: dependencies in R code
Result: NOTE
    Namespace in Imports field not imported from: ‘RSQLite’
     All declared Imports should be used.
Flavors: r-release-macos-arm64, r-release-macos-x86_64, r-oldrel-macos-arm64, r-oldrel-macos-x86_64