Last updated on 2023-09-24 08:58:16 CEST.
Flavor | Version | Tinstall | Tcheck | Ttotal | Status | Flags |
---|---|---|---|---|---|---|
r-devel-linux-x86_64-debian-clang | 0.5.0 | 2.93 | 29.74 | 32.67 | OK | |
r-devel-linux-x86_64-debian-gcc | 0.5.0 | 2.17 | 22.57 | 24.74 | OK | |
r-devel-linux-x86_64-fedora-clang | 0.5.0 | 40.03 | OK | |||
r-devel-linux-x86_64-fedora-gcc | 0.5.0 | 39.53 | OK | |||
r-devel-windows-x86_64 | 0.5.0 | 4.00 | 47.00 | 51.00 | OK | |
r-patched-linux-x86_64 | 0.5.0 | 2.94 | 28.84 | 31.78 | OK | |
r-release-linux-x86_64 | 0.5.0 | 2.60 | 28.86 | 31.46 | OK | |
r-release-macos-arm64 | 0.5.0 | 20.00 | OK | |||
r-release-macos-x86_64 | 0.5.0 | 25.00 | OK | |||
r-release-windows-x86_64 | 0.5.0 | 5.00 | 46.00 | 51.00 | OK | |
r-oldrel-macos-arm64 | 0.5.0 | 18.00 | NOTE | |||
r-oldrel-macos-x86_64 | 0.5.0 | 24.00 | NOTE | |||
r-oldrel-windows-x86_64 | 0.5.0 | 4.00 | 47.00 | 51.00 | OK |
Version: 0.5.0
Check: dependencies in R code
Result: NOTE
Namespace in Imports field not imported from: ‘RSQLite’
All declared Imports should be used.
Flavors: r-oldrel-macos-arm64, r-oldrel-macos-x86_64