Last updated on 2023-10-02 07:56:25 CEST.
Flavor | Version | Tinstall | Tcheck | Ttotal | Status | Flags |
---|---|---|---|---|---|---|
r-devel-linux-x86_64-debian-clang | 1.1.1 | 3.59 | 64.18 | 67.77 | NOTE | |
r-devel-linux-x86_64-debian-gcc | 1.1.1 | 3.53 | 48.09 | 51.62 | NOTE | |
r-devel-linux-x86_64-fedora-clang | 1.1.1 | 85.41 | NOTE | |||
r-devel-linux-x86_64-fedora-gcc | 1.1.1 | 104.41 | NOTE | |||
r-devel-windows-x86_64 | 1.1.1 | 6.00 | 80.00 | 86.00 | NOTE | |
r-patched-linux-x86_64 | 1.1.1 | 4.97 | 62.41 | 67.38 | NOTE | |
r-release-linux-x86_64 | 1.1.1 | 3.11 | 62.95 | 66.06 | NOTE | |
r-release-macos-arm64 | 1.1.1 | 42.00 | NOTE | |||
r-release-macos-x86_64 | 1.1.1 | 66.00 | NOTE | |||
r-release-windows-x86_64 | 1.1.1 | 12.00 | 95.00 | 107.00 | NOTE | |
r-oldrel-macos-arm64 | 1.1.1 | 38.00 | NOTE | |||
r-oldrel-macos-x86_64 | 1.1.1 | 54.00 | NOTE | |||
r-oldrel-windows-x86_64 | 1.1.1 | 7.00 | 85.00 | 92.00 | NOTE |
Version: 1.1.1
Check: package dependencies
Result: NOTE
Package which this enhances but not available for checking: ‘gurobi’
Flavors: r-devel-linux-x86_64-debian-clang, r-devel-linux-x86_64-debian-gcc, r-devel-linux-x86_64-fedora-clang, r-devel-linux-x86_64-fedora-gcc, r-devel-windows-x86_64, r-patched-linux-x86_64, r-release-linux-x86_64, r-release-macos-arm64, r-release-macos-x86_64, r-release-windows-x86_64, r-oldrel-macos-arm64, r-oldrel-macos-x86_64, r-oldrel-windows-x86_64