Last updated on 2023-01-28 07:14:53 CET.
Flavor | Version | Tinstall | Tcheck | Ttotal | Status | Flags |
---|---|---|---|---|---|---|
r-devel-linux-x86_64-debian-clang | 1.1.1 | 3.34 | 63.30 | 66.64 | NOTE | |
r-devel-linux-x86_64-debian-gcc | 1.1.1 | 3.44 | 47.89 | 51.33 | NOTE | |
r-devel-linux-x86_64-fedora-clang | 1.1.1 | 84.71 | NOTE | |||
r-devel-linux-x86_64-fedora-gcc | 1.1.1 | 103.32 | NOTE | |||
r-devel-windows-x86_64 | 1.1.1 | 42.00 | 106.00 | 148.00 | NOTE | |
r-patched-linux-x86_64 | 1.1.1 | 5.03 | 59.46 | 64.49 | NOTE | |
r-release-linux-x86_64 | 1.1.1 | 4.17 | 56.37 | 60.54 | NOTE | |
r-release-macos-arm64 | 1.1.1 | 31.00 | NOTE | |||
r-release-macos-x86_64 | 1.1.1 | 54.00 | NOTE | |||
r-release-windows-x86_64 | 1.1.1 | 35.00 | 112.00 | 147.00 | NOTE | |
r-oldrel-macos-arm64 | 1.1.1 | 41.00 | NOTE | |||
r-oldrel-macos-x86_64 | 1.1.1 | 49.00 | NOTE | |||
r-oldrel-windows-ix86+x86_64 | 1.1.1 | 9.00 | 132.00 | 141.00 | NOTE |
Version: 1.1.1
Check: package dependencies
Result: NOTE
Package which this enhances but not available for checking: ‘gurobi’
Flavors: r-devel-linux-x86_64-debian-clang, r-devel-linux-x86_64-debian-gcc, r-devel-linux-x86_64-fedora-clang, r-devel-linux-x86_64-fedora-gcc, r-devel-windows-x86_64, r-patched-linux-x86_64, r-release-linux-x86_64, r-release-macos-arm64, r-release-macos-x86_64, r-release-windows-x86_64, r-oldrel-macos-arm64, r-oldrel-macos-x86_64, r-oldrel-windows-ix86+x86_64