Last updated on 2023-03-31 07:53:24 CEST.
Flavor | Version | Tinstall | Tcheck | Ttotal | Status | Flags |
---|---|---|---|---|---|---|
r-devel-linux-x86_64-debian-clang | 0.1.0 | 8.16 | 67.69 | 75.85 | NOTE | |
r-devel-linux-x86_64-debian-gcc | 0.1.0 | 6.45 | 49.50 | 55.95 | NOTE | |
r-devel-linux-x86_64-fedora-clang | 0.1.0 | 93.61 | NOTE | |||
r-devel-linux-x86_64-fedora-gcc | 0.1.0 | 100.17 | NOTE | |||
r-devel-windows-x86_64 | 0.1.0 | 22.00 | 110.00 | 132.00 | NOTE | |
r-patched-linux-x86_64 | 0.1.0 | 7.12 | 63.61 | 70.73 | NOTE | |
r-release-linux-x86_64 | 0.1.0 | 5.40 | 66.02 | 71.42 | NOTE | |
r-release-macos-arm64 | 0.1.0 | 25.00 | NOTE | |||
r-release-macos-x86_64 | 0.1.0 | 45.00 | NOTE | |||
r-release-windows-x86_64 | 0.1.0 | 17.00 | 115.00 | 132.00 | NOTE | |
r-oldrel-macos-arm64 | 0.1.0 | 28.00 | NOTE | |||
r-oldrel-macos-x86_64 | 0.1.0 | 44.00 | NOTE | |||
r-oldrel-windows-ix86+x86_64 | 0.1.0 | 21.00 | 91.00 | 112.00 | NOTE |
Version: 0.1.0
Check: LazyData
Result: NOTE
'LazyData' is specified without a 'data' directory
Flavors: r-devel-linux-x86_64-debian-clang, r-devel-linux-x86_64-debian-gcc, r-devel-linux-x86_64-fedora-clang, r-devel-linux-x86_64-fedora-gcc, r-devel-windows-x86_64, r-patched-linux-x86_64, r-release-linux-x86_64, r-release-macos-arm64, r-release-macos-x86_64, r-release-windows-x86_64, r-oldrel-macos-arm64, r-oldrel-macos-x86_64, r-oldrel-windows-ix86+x86_64