Last updated on 2025-01-18 09:49:16 CET.
Flavor | Version | Tinstall | Tcheck | Ttotal | Status | Flags |
---|---|---|---|---|---|---|
r-devel-linux-x86_64-debian-clang | 1.1.1 | 5.22 | 44.62 | 49.84 | NOTE | |
r-devel-linux-x86_64-debian-gcc | 1.1.1 | 4.63 | 32.12 | 36.75 | NOTE | |
r-devel-linux-x86_64-fedora-clang | 1.1.1 | 80.94 | OK | |||
r-devel-linux-x86_64-fedora-gcc | 1.1.1 | 83.56 | OK | |||
r-devel-windows-x86_64 | 1.1.1 | 8.00 | 62.00 | 70.00 | NOTE | |
r-patched-linux-x86_64 | 1.1.1 | 11.00 | 41.49 | 52.49 | OK | |
r-release-linux-x86_64 | 1.1.1 | 4.97 | 41.62 | 46.59 | OK | |
r-release-macos-arm64 | 1.1.1 | 30.00 | OK | |||
r-release-macos-x86_64 | 1.1.1 | 57.00 | OK | |||
r-release-windows-x86_64 | 1.1.1 | 7.00 | 61.00 | 68.00 | OK | |
r-oldrel-macos-arm64 | 1.1.1 | 31.00 | OK | |||
r-oldrel-macos-x86_64 | 1.1.1 | 42.00 | OK | |||
r-oldrel-windows-x86_64 | 1.1.1 | 8.00 | 72.00 | 80.00 | OK |
Version: 1.1.1
Check: Rd cross-references
Result: NOTE
Found the following Rd file(s) with Rd \link{} targets missing package
anchors:
cens_margin_to.Rd: group_by, summarize
Please provide package anchors for all Rd \link{} targets not in the
package itself and the base packages.
Flavors: r-devel-linux-x86_64-debian-clang, r-devel-linux-x86_64-debian-gcc, r-devel-windows-x86_64