Last updated on 2023-02-05 07:57:18 CET.
Flavor | Version | Tinstall | Tcheck | Ttotal | Status | Flags |
---|---|---|---|---|---|---|
r-devel-linux-x86_64-debian-clang | 0.0.14 | 52.69 | 100.26 | 152.95 | NOTE | |
r-devel-linux-x86_64-debian-gcc | 0.0.14 | 41.98 | 75.08 | 117.06 | NOTE | |
r-devel-linux-x86_64-fedora-clang | 0.0.14 | 213.13 | NOTE | |||
r-devel-linux-x86_64-fedora-gcc | 0.0.14 | 220.87 | NOTE | |||
r-devel-windows-x86_64 | 0.0.14 | 61.00 | 144.00 | 205.00 | NOTE | |
r-patched-linux-x86_64 | 0.0.14 | 46.89 | 95.62 | 142.51 | OK | |
r-release-linux-x86_64 | 0.0.14 | 47.96 | 97.14 | 145.10 | OK | |
r-release-macos-arm64 | 0.0.14 | 56.00 | NOTE | |||
r-release-macos-x86_64 | 0.0.14 | 77.00 | NOTE | |||
r-release-windows-x86_64 | 0.0.14 | 60.00 | 140.00 | 200.00 | OK | |
r-oldrel-macos-arm64 | 0.0.14 | 52.00 | NOTE | |||
r-oldrel-macos-x86_64 | 0.0.14 | 101.00 | NOTE | |||
r-oldrel-windows-ix86+x86_64 | 0.0.14 | 118.00 | 183.00 | 301.00 | OK |
Version: 0.0.14
Check: C++ specification
Result: NOTE
Specified C++11: please update to current default of C++17
Flavors: r-devel-linux-x86_64-debian-clang, r-devel-linux-x86_64-debian-gcc, r-devel-linux-x86_64-fedora-clang, r-devel-linux-x86_64-fedora-gcc, r-devel-windows-x86_64
Version: 0.0.14
Check: installed package size
Result: NOTE
installed size is 6.8Mb
sub-directories of 1Mb or more:
R 2.2Mb
libs 4.1Mb
Flavors: r-release-macos-arm64, r-release-macos-x86_64, r-oldrel-macos-arm64, r-oldrel-macos-x86_64