CRAN Package Check Results for Package eHDPrep

Last updated on 2023-01-28 07:14:53 CET.

Flavor Version Tinstall Tcheck Ttotal Status Flags
r-devel-linux-x86_64-debian-clang 1.2.1 19.77 500.16 519.93 OK
r-devel-linux-x86_64-debian-gcc 1.2.1 14.44 363.79 378.23 OK
r-devel-linux-x86_64-fedora-clang 1.2.1 621.22 NOTE
r-devel-linux-x86_64-fedora-gcc 1.2.1 616.50 NOTE
r-devel-windows-x86_64 1.2.1 26.00 561.00 587.00 OK
r-patched-linux-x86_64 1.2.1 22.24 462.11 484.35 OK
r-release-linux-x86_64 1.2.1 19.02 464.26 483.28 OK
r-release-macos-arm64 1.2.1 133.00 OK
r-release-macos-x86_64 1.2.1 201.00 ERROR
r-release-windows-x86_64 1.2.1 62.00 564.00 626.00 OK
r-oldrel-macos-arm64 1.2.1 145.00 WARN
r-oldrel-macos-x86_64 1.2.1 171.00 WARN
r-oldrel-windows-ix86+x86_64 1.2.1 39.00 549.00 588.00 WARN

Check Details

Version: 1.2.1
Check: data for non-ASCII characters
Result: NOTE
     Note: found 7 marked UTF-8 strings
Flavors: r-devel-linux-x86_64-fedora-clang, r-devel-linux-x86_64-fedora-gcc, r-oldrel-macos-arm64, r-oldrel-macos-x86_64

Version: 1.2.1
Check: re-building of vignette outputs
Result: ERROR
    Error(s) in re-building vignettes:
     ...
    --- re-building ‘Introduction_to_eHDPrep.Rmd’ using rmarkdown
    ! Missing endcsname inserted.
    <to be read again>
     unhbox
    l.293 \includegraphics{./images/Figure_1.png}
    
    Error: processing vignette 'Introduction_to_eHDPrep.Rmd' failed with diagnostics:
    LaTeX failed to compile /Volumes/Builds/packages/high-sierra-x86_64/results/4.2/eHDPrep.Rcheck/vign_test/eHDPrep/vignettes/Introduction_to_eHDPrep.tex. See https://yihui.org/tinytex/r/#debugging for debugging tips. See Introduction_to_eHDPrep.log for more info.
    --- failed re-building ‘Introduction_to_eHDPrep.Rmd’
    
    SUMMARY: processing the following file failed:
     ‘Introduction_to_eHDPrep.Rmd’
    
    Error: Vignette re-building failed.
    Execution halted
Flavor: r-release-macos-x86_64

Version: 1.2.1
Check: re-building of vignette outputs
Result: WARN
    Error(s) in re-building vignettes:
     ...
    --- re-building ‘Introduction_to_eHDPrep.Rmd’ using rmarkdown
    Warning: Removed 12 rows containing missing values (`geom_point()`).
    Warning: Removed 12 rows containing missing values (`geom_label()`).
    ! Missing endcsname inserted.
    <to be read again>
     unhbox
    l.293 \includegraphics{./images/Figure_1.png}
    
    Error: processing vignette 'Introduction_to_eHDPrep.Rmd' failed with diagnostics:
    LaTeX failed to compile /Volumes/Builds/packages/big-sur-arm64/results/4.1/eHDPrep.Rcheck/vign_test/eHDPrep/vignettes/Introduction_to_eHDPrep.tex. See https://yihui.org/tinytex/r/#debugging for debugging tips. See Introduction_to_eHDPrep.log for more info.
    --- failed re-building ‘Introduction_to_eHDPrep.Rmd’
    
    SUMMARY: processing the following file failed:
     ‘Introduction_to_eHDPrep.Rmd’
    
    Error: Vignette re-building failed.
    Execution halted
Flavor: r-oldrel-macos-arm64

Version: 1.2.1
Check: re-building of vignette outputs
Result: WARN
    Error(s) in re-building vignettes:
     ...
    --- re-building ‘Introduction_to_eHDPrep.Rmd’ using rmarkdown
    Warning: Removed 12 rows containing missing values (geom_point).
    Warning: Removed 12 rows containing missing values (geom_label).
    ! Missing endcsname inserted.
    <to be read again>
     unhbox
    l.293 \includegraphics{./images/Figure_1.png}
    
    Error: processing vignette 'Introduction_to_eHDPrep.Rmd' failed with diagnostics:
    LaTeX failed to compile /Volumes/Builds/packages/high-sierra-x86_64/results/4.1/eHDPrep.Rcheck/vign_test/eHDPrep/vignettes/Introduction_to_eHDPrep.tex. See https://yihui.org/tinytex/r/#debugging for debugging tips. See Introduction_to_eHDPrep.log for more info.
    --- failed re-building ‘Introduction_to_eHDPrep.Rmd’
    
    SUMMARY: processing the following file failed:
     ‘Introduction_to_eHDPrep.Rmd’
    
    Error: Vignette re-building failed.
    Execution halted
Flavor: r-oldrel-macos-x86_64

Version: 1.2.1
Check: re-building of vignette outputs
Result: WARN
    Error(s) in re-building vignettes:
    --- re-building 'Introduction_to_eHDPrep.Rmd' using rmarkdown
    ! Package pdftex.def Error: File `./images/Figure\unhbox \voidb@x \penalty \@M
    \hskip \z@skip \T1\textunderscore \discretionary {-}{}{}\penalty \@M \hskip \z@
    skip 1.png' not found.
    
    Error: processing vignette 'Introduction_to_eHDPrep.Rmd' failed with diagnostics:
    LaTeX failed to compile d:/RCompile/CRANpkg/local/4.1/eHDPrep.Rcheck/vign_test/eHDPrep/vignettes/Introduction_to_eHDPrep.tex. See https://yihui.org/tinytex/r/#debugging for debugging tips. See Introduction_to_eHDPrep.log for more info.
    --- failed re-building 'Introduction_to_eHDPrep.Rmd'
    
    SUMMARY: processing the following file failed:
     'Introduction_to_eHDPrep.Rmd'
    
    Error: Vignette re-building failed.
    Execution halted
Flavor: r-oldrel-windows-ix86+x86_64