Last updated on 2023-11-30 07:52:33 CET.
Flavor | Version | Tinstall | Tcheck | Ttotal | Status | Flags |
---|---|---|---|---|---|---|
r-devel-linux-x86_64-debian-clang | 1.3.3 | 19.68 | 500.20 | 519.88 | OK | |
r-devel-linux-x86_64-debian-gcc | 1.3.3 | 13.78 | 376.68 | 390.46 | OK | |
r-devel-linux-x86_64-fedora-clang | 1.3.3 | 641.66 | NOTE | |||
r-devel-linux-x86_64-fedora-gcc | 1.3.3 | 631.63 | NOTE | |||
r-devel-windows-x86_64 | 1.3.3 | 17.00 | 408.00 | 425.00 | OK | |
r-patched-linux-x86_64 | 1.3.3 | 20.13 | 474.72 | 494.85 | OK | |
r-release-linux-x86_64 | 1.3.3 | 11.64 | 472.24 | 483.88 | OK | |
r-release-macos-arm64 | 1.3.3 | 168.00 | OK | |||
r-release-macos-x86_64 | 1.3.3 | 383.00 | OK | |||
r-release-windows-x86_64 | 1.3.3 | 22.00 | 487.00 | 509.00 | OK | |
r-oldrel-macos-arm64 | 1.3.3 | 158.00 | OK | |||
r-oldrel-macos-x86_64 | 1.3.3 | 234.00 | ERROR | |||
r-oldrel-windows-x86_64 | 1.3.3 | 23.00 | 483.00 | 506.00 | OK |
Version: 1.3.3
Check: data for non-ASCII characters
Result: NOTE
Note: found 7 marked UTF-8 strings
Flavors: r-devel-linux-x86_64-fedora-clang, r-devel-linux-x86_64-fedora-gcc
Version: 1.3.3
Check: re-building of vignette outputs
Result: ERROR
Error(s) in re-building vignettes:
...
--- re-building ‘Introduction_to_eHDPrep.Rmd’ using rmarkdown
! Missing endcsname inserted.
<to be read again>
unhbox
l.302 ...ics[width=1\linewidth]{./images/Figure_1}
Error: processing vignette 'Introduction_to_eHDPrep.Rmd' failed with diagnostics:
LaTeX failed to compile /Volumes/Builds/packages/high-sierra-x86_64/results/4.2/eHDPrep.Rcheck/vign_test/eHDPrep/vignettes/Introduction_to_eHDPrep.tex. See https://yihui.org/tinytex/r/#debugging for debugging tips. See Introduction_to_eHDPrep.log for more info.
--- failed re-building ‘Introduction_to_eHDPrep.Rmd’
SUMMARY: processing the following file failed:
‘Introduction_to_eHDPrep.Rmd’
Error: Vignette re-building failed.
Execution halted
Flavor: r-oldrel-macos-x86_64