CRAN Package Check Results for Package eChem

Last updated on 2024-02-23 07:52:07 CET.

Flavor Version Tinstall Tcheck Ttotal Status Flags
r-devel-linux-x86_64-debian-clang 1.0.0 NOTE
r-devel-linux-x86_64-debian-gcc 1.0.0 4.43 64.15 68.58 NOTE
r-devel-linux-x86_64-fedora-clang 1.0.0 96.36 ERROR
r-devel-linux-x86_64-fedora-gcc 1.0.0 109.11 ERROR
r-devel-windows-x86_64 1.0.0 5.00 135.00 140.00 NOTE
r-patched-linux-x86_64 1.0.0 4.31 82.38 86.69 NOTE
r-release-linux-x86_64 1.0.0 5.84 82.50 88.34 NOTE
r-release-macos-arm64 1.0.0 49.00 NOTE
r-release-macos-x86_64 1.0.0 108.00 NOTE
r-release-windows-x86_64 1.0.0 7.00 136.00 143.00 NOTE
r-oldrel-macos-arm64 1.0.0 48.00 NOTE
r-oldrel-windows-x86_64 1.0.0 8.00 132.00 140.00 NOTE

Additional issues

M1mac

Check Details

Version: 1.0.0
Check: LazyData
Result: NOTE 'LazyData' is specified without a 'data' directory Flavors: r-devel-linux-x86_64-debian-clang, r-devel-linux-x86_64-debian-gcc, r-devel-linux-x86_64-fedora-clang, r-devel-linux-x86_64-fedora-gcc, r-devel-windows-x86_64, r-patched-linux-x86_64, r-release-linux-x86_64, r-release-macos-arm64, r-release-macos-x86_64, r-release-windows-x86_64, r-oldrel-macos-arm64, r-oldrel-windows-x86_64

Version: 1.0.0
Check: re-building of vignette outputs
Result: ERROR Error(s) in re-building vignettes: --- re-building ‘Additional_Examples.Rmd’ using rmarkdown ! Undefined control sequence. l.481 \ProcessKeysPackageOptions {chemformula/load-time} Error: processing vignette 'Additional_Examples.Rmd' failed with diagnostics: LaTeX failed to compile /data/gannet/ripley/R/packages/tests-clang/eChem.Rcheck/vign_test/eChem/vignettes/Additional_Examples.tex. See https://yihui.org/tinytex/r/#debugging for debugging tips. See Additional_Examples.log for more info. --- failed re-building ‘Additional_Examples.Rmd’ --- re-building ‘Computational_Details.Rmd’ using rmarkdown ! Undefined control sequence. l.481 \ProcessKeysPackageOptions {chemformula/load-time} Error: processing vignette 'Computational_Details.Rmd' failed with diagnostics: LaTeX failed to compile /data/gannet/ripley/R/packages/tests-clang/eChem.Rcheck/vign_test/eChem/vignettes/Computational_Details.tex. See https://yihui.org/tinytex/r/#debugging for debugging tips. See Computational_Details.log for more info. --- failed re-building ‘Computational_Details.Rmd’ --- re-building ‘Overview.Rmd’ using rmarkdown ! Undefined control sequence. l.481 \ProcessKeysPackageOptions {chemformula/load-time} Error: processing vignette 'Overview.Rmd' failed with diagnostics: LaTeX failed to compile /data/gannet/ripley/R/packages/tests-clang/eChem.Rcheck/vign_test/eChem/vignettes/Overview.tex. See https://yihui.org/tinytex/r/#debugging for debugging tips. See Overview.log for more info. --- failed re-building ‘Overview.Rmd’ --- re-building ‘Using_eChem.Rmd’ using rmarkdown ! Undefined control sequence. l.481 \ProcessKeysPackageOptions {chemformula/load-time} Error: processing vignette 'Using_eChem.Rmd' failed with diagnostics: LaTeX failed to compile /data/gannet/ripley/R/packages/tests-clang/eChem.Rcheck/vign_test/eChem/vignettes/Using_eChem.tex. See https://yihui.org/tinytex/r/#debugging for debugging tips. See Using_eChem.log for more info. --- failed re-building ‘Using_eChem.Rmd’ SUMMARY: processing the following files failed: ‘Additional_Examples.Rmd’ ‘Computational_Details.Rmd’ ‘Overview.Rmd’ ‘Using_eChem.Rmd’ Error: Vignette re-building failed. Execution halted Flavor: r-devel-linux-x86_64-fedora-clang

Version: 1.0.0
Check: re-building of vignette outputs
Result: ERROR Error(s) in re-building vignettes: --- re-building ‘Additional_Examples.Rmd’ using rmarkdown ! Undefined control sequence. l.481 \ProcessKeysPackageOptions {chemformula/load-time} Error: processing vignette 'Additional_Examples.Rmd' failed with diagnostics: LaTeX failed to compile /data/gannet/ripley/R/packages/tests-devel/eChem.Rcheck/vign_test/eChem/vignettes/Additional_Examples.tex. See https://yihui.org/tinytex/r/#debugging for debugging tips. See Additional_Examples.log for more info. --- failed re-building ‘Additional_Examples.Rmd’ --- re-building ‘Computational_Details.Rmd’ using rmarkdown ! Undefined control sequence. l.481 \ProcessKeysPackageOptions {chemformula/load-time} Error: processing vignette 'Computational_Details.Rmd' failed with diagnostics: LaTeX failed to compile /data/gannet/ripley/R/packages/tests-devel/eChem.Rcheck/vign_test/eChem/vignettes/Computational_Details.tex. See https://yihui.org/tinytex/r/#debugging for debugging tips. See Computational_Details.log for more info. --- failed re-building ‘Computational_Details.Rmd’ --- re-building ‘Overview.Rmd’ using rmarkdown ! Undefined control sequence. l.481 \ProcessKeysPackageOptions {chemformula/load-time} Error: processing vignette 'Overview.Rmd' failed with diagnostics: LaTeX failed to compile /data/gannet/ripley/R/packages/tests-devel/eChem.Rcheck/vign_test/eChem/vignettes/Overview.tex. See https://yihui.org/tinytex/r/#debugging for debugging tips. See Overview.log for more info. --- failed re-building ‘Overview.Rmd’ --- re-building ‘Using_eChem.Rmd’ using rmarkdown ! Undefined control sequence. l.481 \ProcessKeysPackageOptions {chemformula/load-time} Error: processing vignette 'Using_eChem.Rmd' failed with diagnostics: LaTeX failed to compile /data/gannet/ripley/R/packages/tests-devel/eChem.Rcheck/vign_test/eChem/vignettes/Using_eChem.tex. See https://yihui.org/tinytex/r/#debugging for debugging tips. See Using_eChem.log for more info. --- failed re-building ‘Using_eChem.Rmd’ SUMMARY: processing the following files failed: ‘Additional_Examples.Rmd’ ‘Computational_Details.Rmd’ ‘Overview.Rmd’ ‘Using_eChem.Rmd’ Error: Vignette re-building failed. Execution halted Flavor: r-devel-linux-x86_64-fedora-gcc