Last updated on 2023-03-31 07:53:24 CEST.
Flavor | Version | Tinstall | Tcheck | Ttotal | Status | Flags |
---|---|---|---|---|---|---|
r-devel-linux-x86_64-debian-clang | 1.0.0 | 6.18 | 83.21 | 89.39 | NOTE | |
r-devel-linux-x86_64-debian-gcc | 1.0.0 | 4.52 | 61.90 | 66.42 | NOTE | |
r-devel-linux-x86_64-fedora-clang | 1.0.0 | 110.85 | NOTE | |||
r-devel-linux-x86_64-fedora-gcc | 1.0.0 | 116.32 | NOTE | |||
r-devel-windows-x86_64 | 1.0.0 | 20.00 | 143.00 | 163.00 | NOTE | |
r-patched-linux-x86_64 | 1.0.0 | 6.49 | 78.23 | 84.72 | NOTE | |
r-release-linux-x86_64 | 1.0.0 | 4.39 | 77.15 | 81.54 | NOTE | |
r-release-macos-arm64 | 1.0.0 | 52.00 | NOTE | |||
r-release-macos-x86_64 | 1.0.0 | 51.00 | NOTE | |||
r-release-windows-x86_64 | 1.0.0 | 18.00 | 141.00 | 159.00 | NOTE | |
r-oldrel-macos-arm64 | 1.0.0 | 38.00 | NOTE | |||
r-oldrel-macos-x86_64 | 1.0.0 | 55.00 | NOTE | |||
r-oldrel-windows-ix86+x86_64 | 1.0.0 | 10.00 | 131.00 | 141.00 | NOTE |
Version: 1.0.0
Check: LazyData
Result: NOTE
'LazyData' is specified without a 'data' directory
Flavors: r-devel-linux-x86_64-debian-clang, r-devel-linux-x86_64-debian-gcc, r-devel-linux-x86_64-fedora-clang, r-devel-linux-x86_64-fedora-gcc, r-devel-windows-x86_64, r-patched-linux-x86_64, r-release-linux-x86_64, r-release-macos-arm64, r-release-macos-x86_64, r-release-windows-x86_64, r-oldrel-macos-arm64, r-oldrel-macos-x86_64, r-oldrel-windows-ix86+x86_64