Last updated on 2023-01-28 07:14:53 CET.
Flavor | Version | Tinstall | Tcheck | Ttotal | Status | Flags |
---|---|---|---|---|---|---|
r-devel-linux-x86_64-debian-clang | 0.1.4 | 10.41 | 82.63 | 93.04 | NOTE | |
r-devel-linux-x86_64-debian-gcc | 0.1.4 | 8.19 | 62.36 | 70.55 | NOTE | |
r-devel-linux-x86_64-fedora-clang | 0.1.4 | 113.08 | NOTE | |||
r-devel-linux-x86_64-fedora-gcc | 0.1.4 | 123.91 | NOTE | |||
r-devel-windows-x86_64 | 0.1.4 | 24.00 | 114.00 | 138.00 | NOTE | |
r-patched-linux-x86_64 | 0.1.4 | 9.06 | 81.37 | 90.43 | NOTE | |
r-release-linux-x86_64 | 0.1.4 | 7.80 | 84.11 | 91.91 | NOTE | |
r-release-macos-arm64 | 0.1.4 | 45.00 | NOTE | |||
r-release-macos-x86_64 | 0.1.4 | 63.00 | NOTE | |||
r-release-windows-x86_64 | 0.1.4 | 28.00 | 123.00 | 151.00 | NOTE | |
r-oldrel-macos-arm64 | 0.1.4 | 39.00 | NOTE | |||
r-oldrel-macos-x86_64 | 0.1.4 | 65.00 | NOTE | |||
r-oldrel-windows-ix86+x86_64 | 0.1.4 | 26.00 | 117.00 | 143.00 | NOTE |
Version: 0.1.4
Check: LazyData
Result: NOTE
'LazyData' is specified without a 'data' directory
Flavors: r-devel-linux-x86_64-debian-clang, r-devel-linux-x86_64-debian-gcc, r-devel-linux-x86_64-fedora-clang, r-devel-linux-x86_64-fedora-gcc, r-devel-windows-x86_64, r-patched-linux-x86_64, r-release-linux-x86_64, r-release-macos-arm64, r-release-macos-x86_64, r-release-windows-x86_64, r-oldrel-macos-arm64, r-oldrel-macos-x86_64, r-oldrel-windows-ix86+x86_64