Last updated on 2023-11-30 07:52:33 CET.
Flavor | Version | Tinstall | Tcheck | Ttotal | Status | Flags |
---|---|---|---|---|---|---|
r-devel-linux-x86_64-debian-clang | 1.7-13 | 11.78 | 77.00 | 88.78 | WARN | |
r-devel-linux-x86_64-debian-gcc | 1.7-13 | 9.74 | 57.39 | 67.13 | OK | |
r-devel-linux-x86_64-fedora-clang | 1.7-13 | 110.83 | WARN | |||
r-devel-linux-x86_64-fedora-gcc | 1.7-13 | 120.52 | OK | |||
r-devel-windows-x86_64 | 1.7-13 | 14.00 | 110.00 | 124.00 | OK | |
r-patched-linux-x86_64 | 1.7-13 | 13.95 | 73.86 | 87.81 | OK | |
r-release-linux-x86_64 | 1.7-13 | 10.24 | 74.26 | 84.50 | OK | |
r-release-macos-arm64 | 1.7-13 | 46.00 | OK | |||
r-release-macos-x86_64 | 1.7-13 | 72.00 | OK | |||
r-release-windows-x86_64 | 1.7-13 | 18.00 | 120.00 | 138.00 | OK | |
r-oldrel-macos-arm64 | 1.7-13 | 43.00 | OK | |||
r-oldrel-macos-x86_64 | 1.7-13 | 52.00 | OK | |||
r-oldrel-windows-x86_64 | 1.7-13 | 15.00 | 124.00 | 139.00 | OK |
Version: 1.7-13
Check: whether package can be installed
Result: WARN
Found the following significant warnings:
svm.cpp:50:13: warning: format string is not a string literal (potentially insecure) [-Wformat-security]
See ‘/home/hornik/tmp/R.check/r-devel-clang/Work/PKGS/e1071.Rcheck/00install.out’ for details.
* used C compiler: ‘Debian clang version 17.0.5 (1)’
* used C++ compiler: ‘Debian clang version 17.0.5 (1)’
Flavor: r-devel-linux-x86_64-debian-clang
Version: 1.7-13
Check: whether package can be installed
Result: WARN
Found the following significant warnings:
svm.cpp:50:13: warning: format string is not a string literal (potentially insecure) [-Wformat-security]
See ‘/data/gannet/ripley/R/packages/tests-clang/e1071.Rcheck/00install.out’ for details.
* used C compiler: ‘clang version 17.0.5’
* used C++ compiler: ‘clang version 17.0.5’
Flavor: r-devel-linux-x86_64-fedora-clang