Last updated on 2023-01-28 07:14:53 CET.
Flavor | Version | Tinstall | Tcheck | Ttotal | Status | Flags |
---|---|---|---|---|---|---|
r-devel-linux-x86_64-debian-clang | 1.2.2 | 19.83 | 290.23 | 310.06 | OK | |
r-devel-linux-x86_64-debian-gcc | 1.2.2 | 15.40 | 214.96 | 230.36 | OK | |
r-devel-linux-x86_64-fedora-clang | 1.2.2 | 406.37 | OK | |||
r-devel-linux-x86_64-fedora-gcc | 1.2.2 | 378.93 | OK | |||
r-devel-windows-x86_64 | 1.2.2 | 75.00 | 328.00 | 403.00 | OK | |
r-patched-linux-x86_64 | 1.2.2 | 18.10 | 274.07 | 292.17 | OK | |
r-release-linux-x86_64 | 1.2.2 | 13.03 | 262.66 | 275.69 | OK | |
r-release-macos-arm64 | 1.2.2 | 91.00 | OK | |||
r-release-macos-x86_64 | 1.2.2 | 141.00 | OK | |||
r-release-windows-x86_64 | 1.2.2 | 99.00 | 351.00 | 450.00 | OK | |
r-oldrel-macos-arm64 | 1.2.2 | 96.00 | NOTE | |||
r-oldrel-macos-x86_64 | 1.2.2 | 181.00 | NOTE | |||
r-oldrel-windows-ix86+x86_64 | 1.2.2 | 37.00 | 331.00 | 368.00 | OK |
Version: 1.2.2
Check: package dependencies
Result: NOTE
Package suggested but not available for checking: ‘hdf5r’
Flavors: r-oldrel-macos-arm64, r-oldrel-macos-x86_64