Last updated on 2023-12-03 08:50:05 CET.
Flavor | Version | Tinstall | Tcheck | Ttotal | Status | Flags |
---|---|---|---|---|---|---|
r-devel-linux-x86_64-debian-clang | 1.0.2 | 11.83 | 107.73 | 119.56 | NOTE | |
r-devel-linux-x86_64-debian-gcc | 1.0.2 | 9.68 | 79.92 | 89.60 | NOTE | |
r-devel-linux-x86_64-fedora-clang | 1.0.2 | 146.28 | NOTE | |||
r-devel-linux-x86_64-fedora-gcc | 1.0.2 | 139.14 | NOTE | |||
r-devel-windows-x86_64 | 1.0.2 | 11.00 | 93.00 | 104.00 | NOTE | |
r-patched-linux-x86_64 | 1.0.2 | 10.11 | 99.47 | 109.58 | NOTE | |
r-release-linux-x86_64 | 1.0.2 | 8.51 | 101.10 | 109.61 | NOTE | |
r-release-macos-arm64 | 1.0.2 | 46.00 | NOTE | |||
r-release-macos-x86_64 | 1.0.2 | 76.00 | NOTE | |||
r-release-windows-x86_64 | 1.0.2 | 14.00 | 113.00 | 127.00 | NOTE | |
r-oldrel-macos-arm64 | 1.0.2 | 43.00 | NOTE | |||
r-oldrel-macos-x86_64 | 1.0.2 | 89.00 | NOTE | |||
r-oldrel-windows-x86_64 | 1.0.2 | 15.00 | 110.00 | 125.00 | NOTE |
Version: 1.0.2
Check: LazyData
Result: NOTE
'LazyData' is specified without a 'data' directory
Flavors: r-devel-linux-x86_64-debian-clang, r-devel-linux-x86_64-debian-gcc, r-devel-linux-x86_64-fedora-clang, r-devel-linux-x86_64-fedora-gcc, r-devel-windows-x86_64, r-patched-linux-x86_64, r-release-linux-x86_64, r-release-macos-arm64, r-release-macos-x86_64, r-release-windows-x86_64, r-oldrel-macos-arm64, r-oldrel-macos-x86_64, r-oldrel-windows-x86_64