Last updated on 2025-06-19 08:48:21 CEST.
Flavor | Version | Tinstall | Tcheck | Ttotal | Status | Flags |
---|---|---|---|---|---|---|
r-devel-linux-x86_64-debian-clang | 2.2.9 | 30.14 | 360.16 | 390.30 | NOTE | |
r-devel-linux-x86_64-debian-gcc | 2.2.9 | 17.82 | 237.72 | 255.54 | NOTE | |
r-devel-linux-x86_64-fedora-clang | 2.2.9 | 610.73 | OK | |||
r-devel-linux-x86_64-fedora-gcc | 2.2.9 | 584.42 | OK | |||
r-devel-windows-x86_64 | 2.2.9 | 28.00 | 425.00 | 453.00 | OK | |
r-patched-linux-x86_64 | 2.2.9 | 31.17 | 339.95 | 371.12 | OK | |
r-release-linux-x86_64 | 2.2.9 | 30.10 | 339.30 | 369.40 | OK | |
r-release-macos-arm64 | 2.2.9 | 224.00 | OK | |||
r-release-macos-x86_64 | 2.2.9 | 434.00 | OK | |||
r-release-windows-x86_64 | 2.2.9 | 28.00 | 430.00 | 458.00 | OK | |
r-oldrel-macos-arm64 | 2.2.9 | 210.00 | OK | |||
r-oldrel-macos-x86_64 | 2.2.9 | 317.00 | OK | |||
r-oldrel-windows-x86_64 | 2.2.9 | 41.00 | 609.00 | 650.00 | OK |
Version: 2.2.9
Check: CRAN incoming feasibility
Result: NOTE
Maintainer: ‘Matteo Marcantonio <marcantoniomatteo@gmail.com>’
The BugReports field in DESCRIPTION has
https://github.com/mattmar/dynamAedes
which should likely be
https://github.com/mattmar/dynamAedes/issues
instead.
Flavors: r-devel-linux-x86_64-debian-clang, r-devel-linux-x86_64-debian-gcc