CRAN Package Check Results for Package dsmisc

Last updated on 2023-01-27 07:50:31 CET.

Flavor Version Tinstall Tcheck Ttotal Status Flags
r-devel-linux-x86_64-debian-clang 0.3.3 19.81 29.64 49.45 OK
r-devel-linux-x86_64-debian-gcc 0.3.3 14.08 23.45 37.53 NOTE
r-devel-linux-x86_64-fedora-clang 0.3.3 71.15 OK
r-devel-linux-x86_64-fedora-gcc 0.3.3 63.68 NOTE
r-devel-windows-x86_64 0.3.3 28.00 79.00 107.00 OK
r-patched-linux-x86_64 0.3.3 15.50 29.57 45.07 OK
r-release-linux-x86_64 0.3.3 16.74 29.85 46.59 OK
r-release-macos-arm64 0.3.3 24.00 OK
r-release-macos-x86_64 0.3.3 30.00 OK
r-release-windows-x86_64 0.3.3 24.00 89.00 113.00 OK
r-oldrel-macos-arm64 0.3.3 26.00 OK
r-oldrel-macos-x86_64 0.3.3 39.00 OK
r-oldrel-windows-ix86+x86_64 0.3.3 47.00 87.00 134.00 OK

Check Details

Version: 0.3.3
Check: C++ specification
Result: NOTE
     Specified C++11: please update to current default of C++17
Flavors: r-devel-linux-x86_64-debian-gcc, r-devel-linux-x86_64-fedora-gcc