CRAN Package Check Results for Package dslabs

Last updated on 2024-04-18 07:58:12 CEST.

Flavor Version Tinstall Tcheck Ttotal Status Flags
r-devel-linux-x86_64-debian-clang 0.8.0 3.68 30.86 34.54 OK
r-devel-linux-x86_64-debian-gcc 0.8.0 3.17 23.57 26.74 OK
r-devel-linux-x86_64-fedora-clang 0.8.0 43.69 NOTE
r-devel-linux-x86_64-fedora-gcc 0.8.0 42.54 NOTE
r-prerel-macos-arm64 0.8.0 19.00 OK
r-prerel-macos-x86_64 0.8.0 39.00 NOTE
r-prerel-windows-x86_64 0.8.0 6.00 50.00 56.00 OK
r-patched-linux-x86_64 0.8.0 3.84 29.95 33.79 OK
r-release-linux-x86_64 0.8.0 4.16 29.70 33.86 OK
r-release-macos-arm64 0.8.0 26.00 OK
r-release-macos-x86_64 0.8.0 32.00 OK
r-release-windows-x86_64 0.8.0 8.00 56.00 64.00 OK
r-oldrel-macos-arm64 0.8.0 25.00 OK
r-oldrel-windows-x86_64 0.8.0 8.00 54.00 62.00 OK

Check Details

Version: 0.8.0
Check: data for non-ASCII characters
Result: NOTE Note: found 4891 marked UTF-8 strings Flavors: r-devel-linux-x86_64-fedora-clang, r-devel-linux-x86_64-fedora-gcc

Version: 0.8.0
Check: installed package size
Result: NOTE installed size is 5.9Mb sub-directories of 1Mb or more: data 4.8Mb Flavor: r-prerel-macos-x86_64