CRAN Package Check Results for Package dscore

Last updated on 2023-11-28 07:53:00 CET.

Flavor Version Tinstall Tcheck Ttotal Status Flags
r-devel-linux-x86_64-debian-clang 1.8.0 37.49 84.87 122.36 NOTE
r-devel-linux-x86_64-debian-gcc 1.8.0 24.76 64.25 89.01 NOTE
r-devel-linux-x86_64-fedora-clang 1.8.0 170.47 NOTE
r-devel-linux-x86_64-fedora-gcc 1.8.0 166.10 NOTE
r-devel-windows-x86_64 1.8.0 31.00 110.00 141.00 NOTE
r-patched-linux-x86_64 1.8.0 24.05 81.31 105.36 NOTE
r-release-linux-x86_64 1.8.0 23.53 81.69 105.22 NOTE
r-release-macos-arm64 1.8.0 56.00 NOTE
r-release-macos-x86_64 1.8.0 85.00 NOTE
r-release-windows-x86_64 1.8.0 41.00 131.00 172.00 NOTE
r-oldrel-macos-arm64 1.8.0 49.00 OK
r-oldrel-macos-x86_64 1.8.0 69.00 OK
r-oldrel-windows-x86_64 1.8.0 39.00 123.00 162.00 OK

Check Details

Version: 1.8.0
Check: C++ specification
Result: NOTE Specified C++11: please drop specification unless essential Flavors: r-devel-linux-x86_64-debian-clang, r-devel-linux-x86_64-debian-gcc, r-devel-linux-x86_64-fedora-clang, r-devel-linux-x86_64-fedora-gcc, r-devel-windows-x86_64, r-patched-linux-x86_64, r-release-linux-x86_64, r-release-macos-arm64, r-release-macos-x86_64, r-release-windows-x86_64