Last updated on 2023-02-07 07:53:57 CET.
Flavor | Version | Tinstall | Tcheck | Ttotal | Status | Flags |
---|---|---|---|---|---|---|
r-devel-linux-x86_64-debian-clang | 1.8.0 | 36.50 | 85.85 | 122.35 | NOTE | |
r-devel-linux-x86_64-debian-gcc | 1.8.0 | 29.90 | 65.00 | 94.90 | NOTE | |
r-devel-linux-x86_64-fedora-clang | 1.8.0 | 166.28 | NOTE | |||
r-devel-linux-x86_64-fedora-gcc | 1.8.0 | 161.85 | NOTE | |||
r-devel-windows-x86_64 | 1.8.0 | 63.00 | 158.00 | 221.00 | NOTE | |
r-patched-linux-x86_64 | 1.8.0 | 28.02 | 83.50 | 111.52 | OK | |
r-release-linux-x86_64 | 1.8.0 | 31.27 | 81.44 | 112.71 | OK | |
r-release-macos-arm64 | 1.8.0 | 49.00 | OK | |||
r-release-macos-x86_64 | 1.8.0 | 69.00 | OK | |||
r-release-windows-x86_64 | 1.8.0 | 53.00 | 178.00 | 231.00 | OK | |
r-oldrel-macos-arm64 | 1.8.0 | 52.00 | OK | |||
r-oldrel-macos-x86_64 | 1.8.0 | 72.00 | OK | |||
r-oldrel-windows-ix86+x86_64 | 1.8.0 | 90.00 | 152.00 | 242.00 | OK |
Version: 1.8.0
Check: C++ specification
Result: NOTE
Specified C++11: please update to current default of C++17
Flavors: r-devel-linux-x86_64-debian-clang, r-devel-linux-x86_64-debian-gcc, r-devel-linux-x86_64-fedora-clang, r-devel-linux-x86_64-fedora-gcc, r-devel-windows-x86_64