CRAN Package Check Results for Package drugprepr

Last updated on 2023-01-27 07:50:31 CET.

Flavor Version Tinstall Tcheck Ttotal Status Flags
r-devel-linux-x86_64-debian-clang 0.0.4 12.82 136.03 148.85 OK
r-devel-linux-x86_64-debian-gcc 0.0.4 12.13 100.92 113.05 OK
r-devel-linux-x86_64-fedora-clang 0.0.4 180.15 NOTE
r-devel-linux-x86_64-fedora-gcc 0.0.4 189.75 OK
r-devel-windows-x86_64 0.0.4 34.00 168.00 202.00 OK
r-patched-linux-x86_64 0.0.4 15.44 125.49 140.93 OK
r-release-linux-x86_64 0.0.4 15.53 130.42 145.95 OK
r-release-macos-arm64 0.0.4 47.00 OK
r-release-macos-x86_64 0.0.4 106.00 OK
r-release-windows-x86_64 0.0.4 42.00 179.00 221.00 OK
r-oldrel-macos-arm64 0.0.4 56.00 OK
r-oldrel-macos-x86_64 0.0.4 68.00 OK
r-oldrel-windows-ix86+x86_64 0.0.4 32.00 180.00 212.00 OK

Check Details

Version: 0.0.4
Check: Rd cross-references
Result: NOTE
    Undeclared package ‘data.table’ in Rd xrefs
Flavor: r-devel-linux-x86_64-fedora-clang