Last updated on 2023-02-04 08:01:10 CET.
Flavor | Version | Tinstall | Tcheck | Ttotal | Status | Flags |
---|---|---|---|---|---|---|
r-devel-linux-x86_64-debian-clang | 7.13.4 | 25.10 | 192.79 | 217.89 | OK | |
r-devel-linux-x86_64-debian-gcc | 7.13.4 | 16.34 | 143.20 | 159.54 | OK | |
r-devel-linux-x86_64-fedora-clang | 7.13.4 | 268.91 | OK | |||
r-devel-linux-x86_64-fedora-gcc | 7.13.4 | 246.90 | OK | |||
r-devel-windows-x86_64 | 7.13.4 | 203.00 | 352.00 | 555.00 | OK | |
r-patched-linux-x86_64 | 7.13.4 | 28.76 | 165.26 | 194.02 | OK | |
r-release-linux-x86_64 | 7.13.4 | 22.10 | 168.73 | 190.83 | OK | |
r-release-macos-arm64 | 7.13.4 | 68.00 | OK | |||
r-release-macos-x86_64 | 7.13.4 | 84.00 | OK | |||
r-release-windows-x86_64 | 7.13.4 | 199.00 | 296.00 | 495.00 | OK | |
r-oldrel-macos-arm64 | 7.13.4 | 62.00 | OK | |||
r-oldrel-macos-x86_64 | 7.13.4 | 85.00 | OK | |||
r-oldrel-windows-ix86+x86_64 | 7.13.4 | 41.00 | 337.00 | 378.00 | WARN |
Version: 7.13.4
Check: for unstated dependencies in ‘tests’
Result: WARN
Warning: unable to access index for repository https://bioconductor.org/packages/3.14/bioc/src/contrib:
cannot open URL 'https://bioconductor.org/packages/3.14/bioc/src/contrib/PACKAGES'
Warning: unable to access index for repository https://bioconductor.org/packages/3.14/data/annotation/src/contrib:
cannot open URL 'https://bioconductor.org/packages/3.14/data/annotation/src/contrib/PACKAGES'
Warning: unable to access index for repository https://bioconductor.org/packages/3.14/data/experiment/src/contrib:
cannot open URL 'https://bioconductor.org/packages/3.14/data/experiment/src/contrib/PACKAGES'
Flavor: r-oldrel-windows-ix86+x86_64