Last updated on 2023-01-27 07:50:31 CET.
Flavor | Version | Tinstall | Tcheck | Ttotal | Status | Flags |
---|---|---|---|---|---|---|
r-devel-linux-x86_64-debian-clang | 0.2.5 | 134.83 | 29.15 | 163.98 | OK | |
r-devel-linux-x86_64-debian-gcc | 0.2.5 | 125.59 | 23.29 | 148.88 | WARN | |
r-devel-linux-x86_64-fedora-clang | 0.2.5 | 292.92 | OK | |||
r-devel-linux-x86_64-fedora-gcc | 0.2.5 | 224.62 | OK | |||
r-devel-windows-x86_64 | 0.2.5 | 213.00 | 86.00 | 299.00 | OK | |
r-patched-linux-x86_64 | 0.2.5 | 110.84 | 29.64 | 140.48 | OK | |
r-release-linux-x86_64 | 0.2.5 | 114.69 | 29.50 | 144.19 | OK | |
r-release-macos-arm64 | 0.2.5 | 60.00 | NOTE | |||
r-release-macos-x86_64 | 0.2.5 | 85.00 | NOTE | |||
r-release-windows-x86_64 | 0.2.5 | 275.00 | 96.00 | 371.00 | OK | |
r-oldrel-macos-arm64 | 0.2.5 | 64.00 | NOTE | |||
r-oldrel-macos-x86_64 | 0.2.5 | 89.00 | NOTE | |||
r-oldrel-windows-ix86+x86_64 | 0.2.5 | 322.00 | 87.00 | 409.00 | OK |
Version: 0.2.5
Check: whether package can be installed
Result: WARN
Found the following significant warnings:
draco/mesh/corner_table_iterators.h:25:19: warning: ‘template<class _Category, class _Tp, class _Distance, class _Pointer, class _Reference> struct std::iterator’ is deprecated [-Wdeprecated-declarations]
draco/mesh/corner_table_iterators.h:115:19: warning: ‘template<class _Category, class _Tp, class _Distance, class _Pointer, class _Reference> struct std::iterator’ is deprecated [-Wdeprecated-declarations]
draco/mesh/corner_table_iterators.h:197:19: warning: ‘template<class _Category, class _Tp, class _Distance, class _Pointer, class _Reference> struct std::iterator’ is deprecated [-Wdeprecated-declarations]
./draco/mesh/corner_table_iterators.h:25:19: warning: ‘template<class _Category, class _Tp, class _Distance, class _Pointer, class _Reference> struct std::iterator’ is deprecated [-Wdeprecated-declarations]
./draco/mesh/corner_table_iterators.h:115:19: warning: ‘template<class _Category, class _Tp, class _Distance, class _Pointer, class _Reference> struct std::iterator’ is deprecated [-Wdeprecated-declarations]
./draco/mesh/corner_table_iterators.h:197:19: warning: ‘template<class _Category, class _Tp, class _Distance, class _Pointer, class _Reference> struct std::iterator’ is deprecated [-Wdeprecated-declarations]
See ‘/home/hornik/tmp/R.check/r-devel-gcc/Work/PKGS/dracor.Rcheck/00install.out’ for details.
* used C++ compiler: ‘g++-12 (Debian 12.2.0-14) 12.2.0’
Flavor: r-devel-linux-x86_64-debian-gcc
Version: 0.2.5
Check: installed package size
Result: NOTE
installed size is 13.3Mb
sub-directories of 1Mb or more:
libs 13.1Mb
Flavors: r-release-macos-arm64, r-release-macos-x86_64, r-oldrel-macos-arm64, r-oldrel-macos-x86_64