CRAN Package Check Results for Package downloadthis

Last updated on 2023-01-31 07:54:08 CET.

Flavor Version Tinstall Tcheck Ttotal Status Flags
r-devel-linux-x86_64-debian-clang 0.3.2 3.21 47.72 50.93 OK
r-devel-linux-x86_64-debian-gcc 0.3.2 2.37 35.91 38.28 OK
r-devel-linux-x86_64-fedora-clang 0.3.2 63.32 NOTE
r-devel-linux-x86_64-fedora-gcc 0.3.2 77.45 OK
r-devel-windows-x86_64 0.3.2 42.00 80.00 122.00 NOTE
r-patched-linux-x86_64 0.3.2 2.02 45.14 47.16 OK
r-release-linux-x86_64 0.3.2 2.18 41.90 44.08 OK
r-release-macos-arm64 0.3.2 25.00 NOTE
r-release-macos-x86_64 0.3.2 38.00 NOTE
r-release-windows-x86_64 0.3.2 42.00 97.00 139.00 NOTE
r-oldrel-macos-arm64 0.3.2 29.00 NOTE
r-oldrel-macos-x86_64 0.3.2 39.00 NOTE
r-oldrel-windows-ix86+x86_64 0.3.2 8.00 77.00 85.00 NOTE

Check Details

Version: 0.3.2
Check: installed package size
Result: NOTE
     installed size is 5.3Mb
     sub-directories of 1Mb or more:
     assets 2.9Mb
     doc 2.1Mb
Flavors: r-devel-linux-x86_64-fedora-clang, r-devel-windows-x86_64, r-release-macos-arm64, r-release-macos-x86_64, r-release-windows-x86_64, r-oldrel-macos-arm64, r-oldrel-macos-x86_64, r-oldrel-windows-ix86+x86_64