Last updated on 2023-01-27 07:50:31 CET.
Flavor | Version | Tinstall | Tcheck | Ttotal | Status | Flags |
---|---|---|---|---|---|---|
r-devel-linux-x86_64-debian-clang | 1.0-2 | 3.90 | 23.56 | 27.46 | NOTE | |
r-devel-linux-x86_64-debian-gcc | 1.0-2 | 2.63 | 18.51 | 21.14 | NOTE | |
r-devel-linux-x86_64-fedora-clang | 1.0-2 | 35.64 | NOTE | |||
r-devel-linux-x86_64-fedora-gcc | 1.0-2 | 34.33 | NOTE | |||
r-devel-windows-x86_64 | 1.0-2 | 18.00 | 56.00 | 74.00 | NOTE | |
r-patched-linux-x86_64 | 1.0-2 | 3.54 | 23.42 | 26.96 | NOTE | |
r-release-linux-x86_64 | 1.0-2 | 3.35 | 23.02 | 26.37 | NOTE | |
r-release-macos-arm64 | 1.0-2 | 27.00 | OK | |||
r-release-macos-x86_64 | 1.0-2 | 23.00 | NOTE | |||
r-release-windows-x86_64 | 1.0-2 | 27.00 | 54.00 | 81.00 | NOTE | |
r-oldrel-macos-arm64 | 1.0-2 | 19.00 | OK | |||
r-oldrel-macos-x86_64 | 1.0-2 | 26.00 | OK | |||
r-oldrel-windows-ix86+x86_64 | 1.0-2 | 13.00 | 58.00 | 71.00 | OK |
Version: 1.0-2
Check: package dependencies
Result: NOTE
Package suggested but not available for checking: ‘OpenMPController’
Flavors: r-devel-linux-x86_64-debian-clang, r-devel-linux-x86_64-debian-gcc, r-devel-linux-x86_64-fedora-clang, r-devel-linux-x86_64-fedora-gcc, r-devel-windows-x86_64, r-patched-linux-x86_64, r-release-linux-x86_64, r-release-macos-x86_64, r-release-windows-x86_64