Last updated on 2023-02-06 06:51:52 CET.
Flavor | Version | Tinstall | Tcheck | Ttotal | Status | Flags |
---|---|---|---|---|---|---|
r-devel-linux-x86_64-debian-clang | 0.2.4 | 2.14 | 23.63 | 25.77 | NOTE | |
r-devel-linux-x86_64-debian-gcc | 0.2.4 | 1.67 | 18.77 | 20.44 | NOTE | |
r-devel-linux-x86_64-fedora-clang | 0.2.4 | 33.97 | NOTE | |||
r-devel-linux-x86_64-fedora-gcc | 0.2.4 | 43.66 | NOTE | |||
r-devel-windows-x86_64 | 0.2.4 | 11.00 | 63.00 | 74.00 | NOTE | |
r-patched-linux-x86_64 | 0.2.4 | 1.54 | 24.43 | 25.97 | NOTE | |
r-release-linux-x86_64 | 0.2.4 | 1.88 | 24.30 | 26.18 | NOTE | |
r-release-macos-arm64 | 0.2.4 | 17.00 | NOTE | |||
r-release-macos-x86_64 | 0.2.4 | 29.00 | NOTE | |||
r-release-windows-x86_64 | 0.2.4 | 15.00 | 69.00 | 84.00 | NOTE | |
r-oldrel-macos-arm64 | 0.2.4 | 22.00 | NOTE | |||
r-oldrel-macos-x86_64 | 0.2.4 | 30.00 | NOTE | |||
r-oldrel-windows-ix86+x86_64 | 0.2.4 | 7.00 | 53.00 | 60.00 | NOTE |
Version: 0.2.4
Check: LazyData
Result: NOTE
'LazyData' is specified without a 'data' directory
Flavors: r-devel-linux-x86_64-debian-clang, r-devel-linux-x86_64-debian-gcc, r-devel-linux-x86_64-fedora-clang, r-devel-linux-x86_64-fedora-gcc, r-devel-windows-x86_64, r-patched-linux-x86_64, r-release-linux-x86_64, r-release-macos-arm64, r-release-macos-x86_64, r-release-windows-x86_64, r-oldrel-macos-arm64, r-oldrel-macos-x86_64, r-oldrel-windows-ix86+x86_64
Version: 0.2.4
Check: dependencies in R code
Result: NOTE
Namespaces in Imports field not imported from:
‘DT’ ‘DoseFinding’ ‘ggplot2’ ‘lattice’ ‘latticeExtra’ ‘shinyjs’
All declared Imports should be used.
Flavors: r-devel-linux-x86_64-fedora-clang, r-devel-linux-x86_64-fedora-gcc, r-release-macos-arm64, r-release-macos-x86_64, r-oldrel-macos-arm64, r-oldrel-macos-x86_64