Last updated on 2023-02-05 07:57:18 CET.
Flavor | Version | Tinstall | Tcheck | Ttotal | Status | Flags |
---|---|---|---|---|---|---|
r-devel-linux-x86_64-debian-clang | 0.6.5 | 5.36 | 47.25 | 52.61 | NOTE | |
r-devel-linux-x86_64-debian-gcc | 0.6.5 | 4.16 | 35.75 | 39.91 | NOTE | |
r-devel-linux-x86_64-fedora-clang | 0.6.5 | 72.55 | NOTE | |||
r-devel-linux-x86_64-fedora-gcc | 0.6.5 | 63.40 | NOTE | |||
r-devel-windows-x86_64 | 0.6.5 | 13.00 | 85.00 | 98.00 | NOTE | |
r-patched-linux-x86_64 | 0.6.5 | 4.92 | 45.79 | 50.71 | NOTE | |
r-release-linux-x86_64 | 0.6.5 | 5.34 | 46.35 | 51.69 | NOTE | |
r-release-macos-arm64 | 0.6.5 | 33.00 | NOTE | |||
r-release-macos-x86_64 | 0.6.5 | 42.00 | NOTE | |||
r-release-windows-x86_64 | 0.6.5 | 25.00 | 84.00 | 109.00 | NOTE | |
r-oldrel-macos-arm64 | 0.6.5 | 44.00 | NOTE | |||
r-oldrel-macos-x86_64 | 0.6.5 | 68.00 | NOTE | |||
r-oldrel-windows-ix86+x86_64 | 0.6.5 | 12.00 | 71.00 | 83.00 | NOTE |
Version: 0.6.5
Check: LazyData
Result: NOTE
'LazyData' is specified without a 'data' directory
Flavors: r-devel-linux-x86_64-debian-clang, r-devel-linux-x86_64-debian-gcc, r-devel-linux-x86_64-fedora-clang, r-devel-linux-x86_64-fedora-gcc, r-devel-windows-x86_64, r-patched-linux-x86_64, r-release-linux-x86_64, r-release-macos-arm64, r-release-macos-x86_64, r-release-windows-x86_64, r-oldrel-macos-arm64, r-oldrel-macos-x86_64, r-oldrel-windows-ix86+x86_64