Last updated on 2023-02-07 07:53:57 CET.
Flavor | Version | Tinstall | Tcheck | Ttotal | Status | Flags |
---|---|---|---|---|---|---|
r-devel-linux-x86_64-debian-clang | 0.4.0 | 6.06 | 73.87 | 79.93 | NOTE | |
r-devel-linux-x86_64-debian-gcc | 0.4.0 | 4.07 | 52.25 | 56.32 | NOTE | |
r-devel-linux-x86_64-fedora-clang | 0.4.0 | 93.64 | NOTE | |||
r-devel-linux-x86_64-fedora-gcc | 0.4.0 | 87.89 | NOTE | |||
r-devel-windows-x86_64 | 0.4.0 | 55.00 | 97.00 | 152.00 | NOTE | |
r-patched-linux-x86_64 | 0.4.0 | 5.01 | 64.35 | 69.36 | NOTE | |
r-release-linux-x86_64 | 0.4.0 | 3.89 | 63.57 | 67.46 | NOTE | |
r-release-macos-arm64 | 0.4.0 | 29.00 | NOTE | |||
r-release-macos-x86_64 | 0.4.0 | 37.00 | NOTE | |||
r-release-windows-x86_64 | 0.4.0 | 60.00 | 109.00 | 169.00 | NOTE | |
r-oldrel-macos-arm64 | 0.4.0 | 31.00 | NOTE | |||
r-oldrel-macos-x86_64 | 0.4.0 | 59.00 | NOTE | |||
r-oldrel-windows-ix86+x86_64 | 0.4.0 | 12.00 | 136.00 | 148.00 | NOTE |
Version: 0.4.0
Check: LazyData
Result: NOTE
'LazyData' is specified without a 'data' directory
Flavors: r-devel-linux-x86_64-debian-clang, r-devel-linux-x86_64-debian-gcc, r-devel-linux-x86_64-fedora-clang, r-devel-linux-x86_64-fedora-gcc, r-devel-windows-x86_64, r-patched-linux-x86_64, r-release-linux-x86_64, r-release-macos-arm64, r-release-macos-x86_64, r-release-windows-x86_64, r-oldrel-macos-arm64, r-oldrel-macos-x86_64, r-oldrel-windows-ix86+x86_64