CRAN Package Check Results for Package docknitr

Last updated on 2023-03-21 06:51:32 CET.

Flavor Version Tinstall Tcheck Ttotal Status Flags
r-devel-linux-x86_64-debian-clang 1.0.1 NOTE
r-devel-linux-x86_64-debian-gcc 1.0.1 1.47 20.13 21.60 NOTE
r-devel-linux-x86_64-fedora-clang 1.0.1 36.56 NOTE
r-devel-linux-x86_64-fedora-gcc 1.0.1 45.22 NOTE
r-devel-windows-x86_64 1.0.1 11.00 58.00 69.00 NOTE
r-patched-linux-x86_64 1.0.1 2.35 27.40 29.75 NOTE
r-release-linux-x86_64 1.0.1 2.28 26.74 29.02 NOTE
r-release-macos-arm64 1.0.1 17.00 NOTE
r-release-macos-x86_64 1.0.1 23.00 NOTE
r-release-windows-x86_64 1.0.1 9.00 57.00 66.00 NOTE
r-oldrel-macos-arm64 1.0.1 21.00 NOTE
r-oldrel-macos-x86_64 1.0.1 30.00 NOTE
r-oldrel-windows-ix86+x86_64 1.0.1 6.00 53.00 59.00 NOTE

Check Details

Version: 1.0.1
Check: LazyData
Result: NOTE
     'LazyData' is specified without a 'data' directory
Flavors: r-devel-linux-x86_64-debian-clang, r-devel-linux-x86_64-debian-gcc, r-devel-linux-x86_64-fedora-clang, r-devel-linux-x86_64-fedora-gcc, r-devel-windows-x86_64, r-patched-linux-x86_64, r-release-linux-x86_64, r-release-macos-arm64, r-release-macos-x86_64, r-release-windows-x86_64, r-oldrel-macos-arm64, r-oldrel-macos-x86_64, r-oldrel-windows-ix86+x86_64