CRAN Package Check Results for Package docknitr

Last updated on 2024-03-03 08:52:31 CET.

Flavor Version Tinstall Tcheck Ttotal Status Flags
r-devel-linux-x86_64-debian-clang 1.0.1 2.09 27.89 29.98 NOTE
r-devel-linux-x86_64-debian-gcc 1.0.1 1.84 21.63 23.47 NOTE
r-devel-linux-x86_64-fedora-clang 1.0.1 40.50 NOTE
r-devel-linux-x86_64-fedora-gcc 1.0.1 48.13 NOTE
r-devel-windows-x86_64 1.0.1 3.00 44.00 47.00 NOTE
r-patched-linux-x86_64 1.0.1 2.17 25.61 27.78 NOTE
r-release-linux-x86_64 1.0.1 2.39 25.21 27.60 NOTE
r-release-macos-arm64 1.0.1 26.00 NOTE
r-release-macos-x86_64 1.0.1 33.00 NOTE
r-release-windows-x86_64 1.0.1 4.00 43.00 47.00 NOTE
r-oldrel-macos-arm64 1.0.1 17.00 NOTE
r-oldrel-windows-x86_64 1.0.1 4.00 46.00 50.00 NOTE

Check Details

Version: 1.0.1
Check: LazyData
Result: NOTE 'LazyData' is specified without a 'data' directory Flavors: r-devel-linux-x86_64-debian-clang, r-devel-linux-x86_64-debian-gcc, r-devel-linux-x86_64-fedora-clang, r-devel-linux-x86_64-fedora-gcc, r-devel-windows-x86_64, r-patched-linux-x86_64, r-release-linux-x86_64, r-release-macos-arm64, r-release-macos-x86_64, r-release-windows-x86_64, r-oldrel-macos-arm64, r-oldrel-windows-x86_64