CRAN Package Check Results for Package doParallel

Last updated on 2022-11-26 07:31:58 CET.

Flavor Version Tinstall Tcheck Ttotal Status Flags
r-devel-linux-x86_64-debian-clang 1.0.17 2.82 134.60 137.42 NOTE
r-devel-linux-x86_64-debian-gcc 1.0.17 1.96 99.48 101.44 NOTE
r-devel-linux-x86_64-fedora-clang 1.0.17 168.64 OK
r-devel-linux-x86_64-fedora-gcc 1.0.17 164.25 OK
r-devel-windows-x86_64 1.0.17 18.00 158.00 176.00 OK
r-patched-linux-x86_64 1.0.17 NOTE
r-release-linux-x86_64 1.0.17 2.53 123.84 126.37 NOTE
r-release-macos-arm64 1.0.17 82.00 OK
r-release-macos-x86_64 1.0.17 99.00 OK
r-release-windows-x86_64 1.0.17 26.00 164.00 190.00 OK
r-oldrel-macos-arm64 1.0.17 71.00 OK
r-oldrel-macos-x86_64 1.0.17 104.00 OK
r-oldrel-windows-ix86+x86_64 1.0.17 6.00 160.00 166.00 OK

Check Details

Version: 1.0.17
Check: R code for possible problems
Result: NOTE
    Found the following calls to attach():
    File 'doParallel/R/doParallel.R':
     attach(exportEnv)
    See section 'Good practice' in '?attach'.
Flavors: r-devel-linux-x86_64-debian-clang, r-devel-linux-x86_64-debian-gcc, r-patched-linux-x86_64, r-release-linux-x86_64