CRAN Package Check Results for Package doMPI

Last updated on 2022-11-30 07:54:26 CET.

Flavor Version Tinstall Tcheck Ttotal Status Flags
r-devel-linux-x86_64-debian-clang 0.2.2 4.46 37.38 41.84 OK
r-devel-linux-x86_64-debian-gcc 0.2.2 3.30 29.83 33.13 OK
r-devel-linux-x86_64-fedora-clang 0.2.2 68.60 OK
r-devel-linux-x86_64-fedora-gcc 0.2.2 66.87 OK
r-devel-windows-x86_64 0.2.2 14.00 74.00 88.00 OK
r-patched-linux-x86_64 0.2.2 3.87 35.25 39.12 OK
r-release-linux-x86_64 0.2.2 3.46 36.03 39.49 OK
r-release-macos-arm64 0.2.2 5.00 ERROR
r-release-macos-x86_64 0.2.2 8.00 ERROR
r-release-windows-x86_64 0.2.2 18.00 71.00 89.00 OK
r-oldrel-macos-arm64 0.2.2 9.00 ERROR
r-oldrel-macos-x86_64 0.2.2 10.00 ERROR
r-oldrel-windows-ix86+x86_64 0.2.2 8.00 61.00 69.00 OK

Check Details

Version: 0.2.2
Check: package dependencies
Result: ERROR
    Package required but not available: ‘Rmpi’
    
    See section ‘The DESCRIPTION file’ in the ‘Writing R Extensions’
    manual.
Flavors: r-release-macos-arm64, r-release-macos-x86_64, r-oldrel-macos-arm64, r-oldrel-macos-x86_64