Last updated on 2023-01-29 07:56:00 CET.
Flavor | Version | Tinstall | Tcheck | Ttotal | Status | Flags |
---|---|---|---|---|---|---|
r-devel-linux-x86_64-debian-clang | 0.10.3 | 65.42 | 31.57 | 96.99 | OK | |
r-devel-linux-x86_64-debian-gcc | 0.10.3 | 54.08 | 24.92 | 79.00 | WARN | |
r-devel-linux-x86_64-fedora-clang | 0.10.3 | 149.89 | OK | |||
r-devel-linux-x86_64-fedora-gcc | 0.10.3 | 130.98 | OK | |||
r-devel-windows-x86_64 | 0.10.3 | 74.00 | 87.00 | 161.00 | WARN | |
r-patched-linux-x86_64 | 0.10.3 | 50.05 | 31.56 | 81.61 | OK | |
r-release-linux-x86_64 | 0.10.3 | 49.77 | 32.45 | 82.22 | OK | |
r-release-macos-arm64 | 0.10.3 | 38.00 | OK | |||
r-release-macos-x86_64 | 0.10.3 | 55.00 | OK | |||
r-release-windows-x86_64 | 0.10.3 | 64.00 | 83.00 | 147.00 | OK | |
r-oldrel-macos-arm64 | 0.10.3 | 40.00 | OK | |||
r-oldrel-macos-x86_64 | 0.10.3 | 57.00 | OK | |||
r-oldrel-windows-ix86+x86_64 | 0.10.3 | 155.00 | 91.00 | 246.00 | OK |
Version: 0.10.3
Check: whether package can be installed
Result: WARN
Found the following significant warnings:
/home/hornik/tmp/R.check/r-devel-gcc/Work/build/Packages/RNifti/include/RNifti/NiftiImage.h:352:34: warning: ‘template<class _Category, class _Tp, class _Distance, class _Pointer, class _Reference> struct std::iterator’ is deprecated [-Wdeprecated-declarations]
See ‘/home/hornik/tmp/R.check/r-devel-gcc/Work/PKGS/divest.Rcheck/00install.out’ for details.
* used C++ compiler: ‘g++-12 (Debian 12.2.0-14) 12.2.0’
Flavor: r-devel-linux-x86_64-debian-gcc
Version: 0.10.3
Check: whether package can be installed
Result: WARN
Found the following significant warnings:
D:/RCompile/CRANpkg/lib/4.3/RNifti/include/RNifti/NiftiImage.h:352:34: warning: 'template<class _Category, class _Tp, class _Distance, class _Pointer, class _Reference> struct std::iterator' is deprecated [-Wdeprecated-declarations]
See 'd:/Rcompile/CRANpkg/local/4.3/divest.Rcheck/00install.out' for details.
* used C++ compiler: 'g++.exe (GCC) 12.2.0'
Flavor: r-devel-windows-x86_64