Last updated on 2023-02-06 06:51:52 CET.
Flavor | Version | Tinstall | Tcheck | Ttotal | Status | Flags |
---|---|---|---|---|---|---|
r-devel-linux-x86_64-debian-clang | 0.1.2 | 7.32 | 81.15 | 88.47 | OK | |
r-devel-linux-x86_64-debian-gcc | 0.1.2 | 5.48 | 59.73 | 65.21 | OK | |
r-devel-linux-x86_64-fedora-clang | 0.1.2 | 113.50 | NOTE | |||
r-devel-linux-x86_64-fedora-gcc | 0.1.2 | 107.19 | NOTE | |||
r-devel-windows-x86_64 | 0.1.2 | 16.00 | 115.00 | 131.00 | OK | |
r-patched-linux-x86_64 | 0.1.2 | 9.65 | 86.14 | 95.79 | OK | |
r-release-linux-x86_64 | 0.1.2 | 8.11 | 89.28 | 97.39 | OK | |
r-release-macos-arm64 | 0.1.2 | 66.00 | NOTE | |||
r-release-macos-x86_64 | 0.1.2 | 102.00 | NOTE | |||
r-release-windows-x86_64 | 0.1.2 | 37.00 | 120.00 | 157.00 | OK | |
r-oldrel-macos-arm64 | 0.1.2 | 57.00 | NOTE | |||
r-oldrel-macos-x86_64 | 0.1.2 | 55.00 | NOTE | |||
r-oldrel-windows-ix86+x86_64 | 0.1.2 | 24.00 | 122.00 | 146.00 | OK |
Version: 0.1.2
Check: dependencies in R code
Result: NOTE
Namespaces in Imports field not imported from:
‘ggmulti’ ‘loon’ ‘loon.data’ ‘loon.ggplot’ ‘loon.shiny’ ‘loon.tourr’
‘stats’ ‘zenplots’
All declared Imports should be used.
Flavors: r-devel-linux-x86_64-fedora-clang, r-devel-linux-x86_64-fedora-gcc, r-release-macos-arm64, r-release-macos-x86_64, r-oldrel-macos-arm64, r-oldrel-macos-x86_64