Last updated on 2023-01-28 07:14:52 CET.
Flavor | Version | Tinstall | Tcheck | Ttotal | Status | Flags |
---|---|---|---|---|---|---|
r-devel-linux-x86_64-debian-clang | 2.8.1 | 21.16 | 63.49 | 84.65 | OK | |
r-devel-linux-x86_64-debian-gcc | 2.8.1 | 17.50 | 48.85 | 66.35 | OK | |
r-devel-linux-x86_64-fedora-clang | 2.8.1 | 106.32 | NOTE | |||
r-devel-linux-x86_64-fedora-gcc | 2.8.1 | 105.79 | OK | |||
r-devel-windows-x86_64 | 2.8.1 | 26.00 | 97.00 | 123.00 | OK | |
r-patched-linux-x86_64 | 2.8.1 | 20.29 | 62.18 | 82.47 | OK | |
r-release-linux-x86_64 | 2.8.1 | 22.41 | 61.96 | 84.37 | OK | |
r-release-macos-arm64 | 2.8.1 | 35.00 | OK | |||
r-release-macos-x86_64 | 2.8.1 | 45.00 | OK | |||
r-release-windows-x86_64 | 2.8.1 | 44.00 | 97.00 | 141.00 | OK | |
r-oldrel-macos-arm64 | 2.8.1 | 35.00 | OK | |||
r-oldrel-macos-x86_64 | 2.8.1 | 48.00 | OK | |||
r-oldrel-windows-ix86+x86_64 | 2.8.1 | 37.00 | 84.00 | 121.00 | OK |
Version: 2.8.1
Check: Rd cross-references
Result: NOTE
Undeclared package ‘distr’ in Rd xrefs
Flavor: r-devel-linux-x86_64-fedora-clang