Last updated on 2023-02-03 06:50:13 CET.
Flavor | Version | Tinstall | Tcheck | Ttotal | Status | Flags |
---|---|---|---|---|---|---|
r-devel-linux-x86_64-debian-clang | 2.8.1 | 23.38 | 62.17 | 85.55 | OK | |
r-devel-linux-x86_64-debian-gcc | 2.8.1 | 17.24 | 47.85 | 65.09 | OK | |
r-devel-linux-x86_64-fedora-clang | 2.8.1 | 105.65 | NOTE | |||
r-devel-linux-x86_64-fedora-gcc | 2.8.1 | 105.66 | OK | |||
r-patched-linux-x86_64 | 2.8.1 | 19.64 | 61.17 | 80.81 | OK | |
r-release-linux-x86_64 | 2.8.1 | 17.70 | 61.65 | 79.35 | OK | |
r-release-macos-arm64 | 2.8.1 | 38.00 | OK | |||
r-release-macos-x86_64 | 2.8.1 | 45.00 | OK | |||
r-release-windows-x86_64 | 2.8.1 | 69.00 | 99.00 | 168.00 | OK | |
r-oldrel-macos-arm64 | 2.8.1 | 37.00 | OK | |||
r-oldrel-macos-x86_64 | 2.8.1 | 47.00 | OK | |||
r-oldrel-windows-ix86+x86_64 | 2.8.1 | 36.00 | 87.00 | 123.00 | OK |
Version: 2.8.1
Check: Rd cross-references
Result: NOTE
Undeclared package ‘distrTEst’ in Rd xrefs
Flavor: r-devel-linux-x86_64-fedora-clang