Last updated on 2023-02-04 08:01:10 CET.
Flavor | Version | Tinstall | Tcheck | Ttotal | Status | Flags |
---|---|---|---|---|---|---|
r-devel-linux-x86_64-debian-clang | 2.9.1 | 36.85 | 259.21 | 296.06 | OK | |
r-devel-linux-x86_64-debian-gcc | 2.9.1 | 28.82 | 185.43 | 214.25 | OK | |
r-devel-linux-x86_64-fedora-clang | 2.9.1 | 278.38 | NOTE | |||
r-devel-linux-x86_64-fedora-gcc | 2.9.1 | 284.33 | OK | |||
r-devel-windows-x86_64 | 2.9.1 | 229.00 | 361.00 | 590.00 | OK | |
r-patched-linux-x86_64 | 2.9.1 | 40.42 | 236.38 | 276.80 | OK | |
r-release-linux-x86_64 | 2.9.1 | 39.56 | 233.96 | 273.52 | OK | |
r-release-macos-arm64 | 2.9.1 | 94.00 | OK | |||
r-release-macos-x86_64 | 2.9.1 | 116.00 | OK | |||
r-release-windows-x86_64 | 2.9.1 | 201.00 | 362.00 | 563.00 | OK | |
r-oldrel-macos-arm64 | 2.9.1 | 93.00 | OK | |||
r-oldrel-macos-x86_64 | 2.9.1 | 112.00 | OK | |||
r-oldrel-windows-ix86+x86_64 | 2.9.1 | 63.00 | 464.00 | 527.00 | OK |
Version: 2.9.1
Check: Rd cross-references
Result: NOTE
Undeclared package ‘RobAStBase’ in Rd xrefs
Flavor: r-devel-linux-x86_64-fedora-clang