CRAN Package Check Results for Package distTails

Last updated on 2023-01-27 07:50:31 CET.

Flavor Version Tinstall Tcheck Ttotal Status Flags
r-devel-linux-x86_64-debian-clang 0.1.2 1.55 21.95 23.50 NOTE
r-devel-linux-x86_64-debian-gcc 0.1.2 1.83 17.48 19.31 NOTE
r-devel-linux-x86_64-fedora-clang 0.1.2 31.34 NOTE
r-devel-linux-x86_64-fedora-gcc 0.1.2 30.38 NOTE
r-devel-windows-x86_64 0.1.2 14.00 49.00 63.00 NOTE
r-patched-linux-x86_64 0.1.2 2.49 21.90 24.39 NOTE
r-release-linux-x86_64 0.1.2 1.51 21.91 23.42 NOTE
r-release-macos-arm64 0.1.2 15.00 NOTE
r-release-macos-x86_64 0.1.2 20.00 NOTE
r-release-windows-x86_64 0.1.2 10.00 53.00 63.00 NOTE
r-oldrel-macos-arm64 0.1.2 20.00 NOTE
r-oldrel-macos-x86_64 0.1.2 25.00 NOTE
r-oldrel-windows-ix86+x86_64 0.1.2 5.00 49.00 54.00 NOTE

Check Details

Version: 0.1.2
Check: LazyData
Result: NOTE
     'LazyData' is specified without a 'data' directory
Flavors: r-devel-linux-x86_64-debian-clang, r-devel-linux-x86_64-debian-gcc, r-devel-linux-x86_64-fedora-clang, r-devel-linux-x86_64-fedora-gcc, r-devel-windows-x86_64, r-patched-linux-x86_64, r-release-linux-x86_64, r-release-macos-arm64, r-release-macos-x86_64, r-release-windows-x86_64, r-oldrel-macos-arm64, r-oldrel-macos-x86_64, r-oldrel-windows-ix86+x86_64