CRAN Package Check Results for Package dispeRse

Last updated on 2023-01-27 07:50:30 CET.

Flavor Version Tinstall Tcheck Ttotal Status Flags
r-devel-linux-x86_64-debian-clang 1.0 22.93 264.38 287.31 OK
r-devel-linux-x86_64-debian-gcc 1.0 24.89 196.65 221.54 OK
r-devel-linux-x86_64-fedora-clang 1.0 373.60 NOTE
r-devel-linux-x86_64-fedora-gcc 1.0 371.72 NOTE
r-devel-windows-x86_64 1.0 42.00 282.00 324.00 OK
r-patched-linux-x86_64 1.0 32.52 262.24 294.76 OK
r-release-linux-x86_64 1.0 31.16 263.35 294.51 OK
r-release-macos-arm64 1.0 57.00 NOTE
r-release-macos-x86_64 1.0 101.00 NOTE
r-release-windows-x86_64 1.0 31.00 234.00 265.00 OK
r-oldrel-macos-arm64 1.0 54.00 NOTE
r-oldrel-macos-x86_64 1.0 102.00 NOTE
r-oldrel-windows-ix86+x86_64 1.0 65.00 348.00 413.00 OK

Check Details

Version: 1.0
Check: dependencies in R code
Result: NOTE
    Namespace in Imports field not imported from: ‘rgdal’
     All declared Imports should be used.
Flavors: r-devel-linux-x86_64-fedora-clang, r-devel-linux-x86_64-fedora-gcc, r-release-macos-arm64, r-release-macos-x86_64, r-oldrel-macos-arm64, r-oldrel-macos-x86_64