Last updated on 2023-02-01 07:52:59 CET.
Flavor | Version | Tinstall | Tcheck | Ttotal | Status | Flags |
---|---|---|---|---|---|---|
r-devel-linux-x86_64-debian-clang | 0.4.6 | 93.57 | 374.72 | 468.29 | NOTE | |
r-devel-linux-x86_64-debian-gcc | 0.4.6 | 76.26 | 273.08 | 349.34 | NOTE | |
r-devel-linux-x86_64-fedora-clang | 0.4.6 | 577.50 | NOTE | |||
r-devel-linux-x86_64-fedora-gcc | 0.4.6 | 626.20 | NOTE | |||
r-devel-windows-x86_64 | 0.4.6 | 127.00 | 543.00 | 670.00 | NOTE | |
r-patched-linux-x86_64 | 0.4.6 | 82.39 | 358.90 | 441.29 | OK | |
r-release-linux-x86_64 | 0.4.6 | 86.51 | 349.02 | 435.53 | OK | |
r-release-macos-arm64 | 0.4.6 | 144.00 | NOTE | |||
r-release-macos-x86_64 | 0.4.6 | 195.00 | NOTE | |||
r-release-windows-x86_64 | 0.4.6 | 135.00 | 510.00 | 645.00 | OK | |
r-oldrel-macos-arm64 | 0.4.6 | 113.00 | NOTE | |||
r-oldrel-macos-x86_64 | 0.4.6 | 195.00 | NOTE | |||
r-oldrel-windows-ix86+x86_64 | 0.4.6 | 155.00 | 574.00 | 729.00 | NOTE |
Version: 0.4.6
Check: C++ specification
Result: NOTE
Specified C++11: please update to current default of C++17
Flavors: r-devel-linux-x86_64-debian-clang, r-devel-linux-x86_64-debian-gcc, r-devel-linux-x86_64-fedora-clang, r-devel-linux-x86_64-fedora-gcc, r-devel-windows-x86_64
Version: 0.4.6
Check: installed package size
Result: NOTE
installed size is 5.9Mb
sub-directories of 1Mb or more:
doc 1.0Mb
libs 3.2Mb
Flavors: r-release-macos-arm64, r-release-macos-x86_64, r-oldrel-macos-arm64, r-oldrel-macos-x86_64, r-oldrel-windows-ix86+x86_64