CRAN Package Check Results for Package discoverableresearch

Last updated on 2023-01-28 07:14:52 CET.

Flavor Version Tinstall Tcheck Ttotal Status Flags
r-devel-linux-x86_64-debian-clang 0.0.1 2.38 48.01 50.39 OK
r-devel-linux-x86_64-debian-gcc 0.0.1 2.08 35.22 37.30 OK
r-devel-linux-x86_64-fedora-clang 0.0.1 62.56 NOTE
r-devel-linux-x86_64-fedora-gcc 0.0.1 71.68 NOTE
r-devel-windows-x86_64 0.0.1 6.00 79.00 85.00 OK
r-patched-linux-x86_64 0.0.1 2.43 45.97 48.40 OK
r-release-linux-x86_64 0.0.1 2.46 45.83 48.29 OK
r-release-macos-arm64 0.0.1 24.00 NOTE
r-release-macos-x86_64 0.0.1 46.00 NOTE
r-release-windows-x86_64 0.0.1 49.00 83.00 132.00 OK
r-oldrel-macos-arm64 0.0.1 32.00 NOTE
r-oldrel-macos-x86_64 0.0.1 46.00 NOTE
r-oldrel-windows-ix86+x86_64 0.0.1 7.00 81.00 88.00 OK

Check Details

Version: 0.0.1
Check: dependencies in R code
Result: NOTE
    Namespaces in Imports field not imported from:
     ‘dplyr’ ‘readr’
     All declared Imports should be used.
Flavors: r-devel-linux-x86_64-fedora-clang, r-devel-linux-x86_64-fedora-gcc, r-release-macos-arm64, r-release-macos-x86_64, r-oldrel-macos-arm64, r-oldrel-macos-x86_64