Last updated on 2023-11-30 07:52:32 CET.
Flavor | Version | Tinstall | Tcheck | Ttotal | Status | Flags |
---|---|---|---|---|---|---|
r-devel-linux-x86_64-debian-clang | 1.1.0 | 711.33 | 263.76 | 975.09 | NOTE | |
r-devel-linux-x86_64-debian-gcc | 1.1.0 | 424.54 | 211.60 | 636.14 | NOTE | |
r-devel-linux-x86_64-fedora-clang | 1.1.0 | 1107.15 | NOTE | |||
r-devel-linux-x86_64-fedora-gcc | 1.1.0 | 1181.80 | NOTE | |||
r-devel-windows-x86_64 | 1.1.0 | 353.00 | 240.00 | 593.00 | NOTE | |
r-patched-linux-x86_64 | 1.1.0 | 337.35 | 273.59 | 610.94 | NOTE | |
r-release-linux-x86_64 | 1.1.0 | 354.20 | 274.06 | 628.26 | NOTE | |
r-release-macos-arm64 | 1.1.0 | 522.00 | NOTE | |||
r-release-macos-x86_64 | 1.1.0 | 611.00 | NOTE | |||
r-release-windows-x86_64 | 1.1.0 | 478.00 | 288.00 | 766.00 | NOTE | |
r-oldrel-macos-arm64 | 1.1.0 | 384.00 | NOTE | |||
r-oldrel-macos-x86_64 | 1.1.0 | 469.00 | NOTE | |||
r-oldrel-windows-x86_64 | 1.1.0 | 431.00 | 281.00 | 712.00 | NOTE |
Version: 1.1.0
Check: for GNU extensions in Makefiles
Result: NOTE
GNU make is a SystemRequirements.
Flavors: r-devel-linux-x86_64-debian-clang, r-devel-linux-x86_64-debian-gcc, r-devel-linux-x86_64-fedora-clang, r-devel-linux-x86_64-fedora-gcc, r-devel-windows-x86_64, r-patched-linux-x86_64, r-release-linux-x86_64, r-release-macos-arm64, r-release-macos-x86_64, r-release-windows-x86_64, r-oldrel-macos-arm64, r-oldrel-macos-x86_64, r-oldrel-windows-x86_64
Version: 1.1.0
Check: installed package size
Result: NOTE
installed size is 7.0Mb
sub-directories of 1Mb or more:
libs 6.1Mb
Flavors: r-devel-linux-x86_64-fedora-clang, r-devel-windows-x86_64, r-release-macos-arm64, r-release-macos-x86_64, r-release-windows-x86_64, r-oldrel-macos-arm64, r-oldrel-macos-x86_64, r-oldrel-windows-x86_64