CRAN Package Check Results for Package directotree

Last updated on 2023-03-28 07:52:59 CEST.

Flavor Version Tinstall Tcheck Ttotal Status Flags
r-devel-linux-x86_64-debian-clang 1.0.0 3.11 28.74 31.85 NOTE
r-devel-linux-x86_64-debian-gcc 1.0.0 2.36 22.85 25.21 NOTE
r-devel-linux-x86_64-fedora-clang 1.0.0 41.26 NOTE
r-devel-linux-x86_64-fedora-gcc 1.0.0 38.72 NOTE
r-patched-linux-x86_64 1.0.0 3.07 28.12 31.19 NOTE
r-release-linux-x86_64 1.0.0 3.18 30.35 33.53 NOTE
r-release-macos-arm64 1.0.0 17.00 NOTE
r-release-macos-x86_64 1.0.0 24.00 NOTE
r-release-windows-x86_64 1.0.0 16.00 61.00 77.00 NOTE
r-oldrel-macos-arm64 1.0.0 20.00 NOTE
r-oldrel-macos-x86_64 1.0.0 28.00 NOTE
r-oldrel-windows-ix86+x86_64 1.0.0 8.00 53.00 61.00 NOTE

Check Details

Version: 1.0.0
Check: LazyData
Result: NOTE
     'LazyData' is specified without a 'data' directory
Flavors: r-devel-linux-x86_64-debian-clang, r-devel-linux-x86_64-debian-gcc, r-devel-linux-x86_64-fedora-clang, r-devel-linux-x86_64-fedora-gcc, r-patched-linux-x86_64, r-release-linux-x86_64, r-release-macos-arm64, r-release-macos-x86_64, r-release-windows-x86_64, r-oldrel-macos-arm64, r-oldrel-macos-x86_64, r-oldrel-windows-ix86+x86_64