Last updated on 2023-02-07 07:53:57 CET.
Flavor | Version | Tinstall | Tcheck | Ttotal | Status | Flags |
---|---|---|---|---|---|---|
r-devel-linux-x86_64-debian-clang | 0.1.4 | 71.98 | 43.55 | 115.53 | NOTE | |
r-devel-linux-x86_64-debian-gcc | 0.1.4 | 53.41 | 35.32 | 88.73 | NOTE | |
r-devel-linux-x86_64-fedora-clang | 0.1.4 | 157.53 | NOTE | |||
r-devel-linux-x86_64-fedora-gcc | 0.1.4 | 154.58 | NOTE | |||
r-devel-windows-x86_64 | 0.1.4 | 65.00 | 95.00 | 160.00 | NOTE | |
r-patched-linux-x86_64 | 0.1.4 | 60.64 | 44.13 | 104.77 | NOTE | |
r-release-linux-x86_64 | 0.1.4 | 53.31 | 44.72 | 98.03 | NOTE | |
r-release-macos-arm64 | 0.1.4 | 42.00 | NOTE | |||
r-release-macos-x86_64 | 0.1.4 | 53.00 | NOTE | |||
r-release-windows-x86_64 | 0.1.4 | 68.00 | 104.00 | 172.00 | NOTE | |
r-oldrel-macos-arm64 | 0.1.4 | 49.00 | NOTE | |||
r-oldrel-macos-x86_64 | 0.1.4 | 79.00 | NOTE | |||
r-oldrel-windows-ix86+x86_64 | 0.1.4 | 159.00 | 105.00 | 264.00 | NOTE |
Version: 0.1.4
Check: C++ specification
Result: NOTE
Specified C++11: please update to current default of C++17
Flavors: r-devel-linux-x86_64-debian-clang, r-devel-linux-x86_64-debian-gcc, r-devel-linux-x86_64-fedora-clang, r-devel-linux-x86_64-fedora-gcc, r-devel-windows-x86_64
Version: 0.1.4
Check: LazyData
Result: NOTE
'LazyData' is specified without a 'data' directory
Flavors: r-devel-linux-x86_64-debian-clang, r-devel-linux-x86_64-debian-gcc, r-devel-linux-x86_64-fedora-clang, r-devel-linux-x86_64-fedora-gcc, r-devel-windows-x86_64, r-patched-linux-x86_64, r-release-linux-x86_64, r-release-macos-arm64, r-release-macos-x86_64, r-release-windows-x86_64, r-oldrel-macos-arm64, r-oldrel-macos-x86_64, r-oldrel-windows-ix86+x86_64
Version: 0.1.4
Check: dependencies in R code
Result: NOTE
Namespace in Imports field not imported from: ‘methods’
All declared Imports should be used.
Flavors: r-devel-linux-x86_64-fedora-clang, r-devel-linux-x86_64-fedora-gcc, r-release-macos-arm64, r-release-macos-x86_64, r-oldrel-macos-arm64, r-oldrel-macos-x86_64
Version: 0.1.4
Check: installed package size
Result: NOTE
installed size is 11.7Mb
sub-directories of 1Mb or more:
libs 10.8Mb
Flavors: r-release-macos-arm64, r-release-macos-x86_64, r-oldrel-macos-arm64, r-oldrel-macos-x86_64