Last updated on 2023-02-07 07:53:57 CET.
Flavor | Version | Tinstall | Tcheck | Ttotal | Status | Flags |
---|---|---|---|---|---|---|
r-devel-linux-x86_64-debian-clang | 3.5.1 | 209.58 | 122.64 | 332.22 | NOTE | |
r-devel-linux-x86_64-debian-gcc | 3.5.1 | 186.74 | 96.87 | 283.61 | NOTE | |
r-devel-linux-x86_64-fedora-clang | 3.5.1 | 406.09 | NOTE | |||
r-devel-linux-x86_64-fedora-gcc | 3.5.1 | 467.23 | NOTE | |||
r-devel-windows-x86_64 | 3.5.1 | 161.00 | 210.00 | 371.00 | NOTE | |
r-patched-linux-x86_64 | 3.5.1 | 157.95 | 120.50 | 278.45 | NOTE | |
r-release-linux-x86_64 | 3.5.1 | 149.44 | 120.14 | 269.58 | NOTE | |
r-release-macos-arm64 | 3.5.1 | 125.00 | NOTE | |||
r-release-macos-x86_64 | 3.5.1 | 232.00 | NOTE | |||
r-release-windows-x86_64 | 3.5.1 | 147.00 | 215.00 | 362.00 | NOTE | |
r-oldrel-macos-arm64 | 3.5.1 | 147.00 | NOTE | |||
r-oldrel-macos-x86_64 | 3.5.1 | 261.00 | NOTE | |||
r-oldrel-windows-ix86+x86_64 | 3.5.1 | 429.00 | 228.00 | 657.00 | NOTE |
Version: 3.5.1
Check: C++ specification
Result: NOTE
Specified C++14: please update to current default of C++17
Flavors: r-devel-linux-x86_64-debian-clang, r-devel-linux-x86_64-debian-gcc, r-devel-linux-x86_64-fedora-clang, r-devel-linux-x86_64-fedora-gcc, r-devel-windows-x86_64
Version: 3.5.1
Check: for GNU extensions in Makefiles
Result: NOTE
GNU make is a SystemRequirements.
Flavors: r-devel-linux-x86_64-debian-clang, r-devel-linux-x86_64-debian-gcc, r-devel-linux-x86_64-fedora-clang, r-devel-linux-x86_64-fedora-gcc, r-devel-windows-x86_64, r-patched-linux-x86_64, r-release-linux-x86_64, r-release-macos-arm64, r-release-macos-x86_64, r-release-windows-x86_64, r-oldrel-macos-arm64, r-oldrel-macos-x86_64, r-oldrel-windows-ix86+x86_64
Version: 3.5.1
Check: installed package size
Result: NOTE
installed size is 6.1Mb
sub-directories of 1Mb or more:
libs 5.4Mb
Flavors: r-devel-linux-x86_64-fedora-clang, r-release-macos-arm64, r-release-macos-x86_64, r-oldrel-macos-arm64, r-oldrel-macos-x86_64, r-oldrel-windows-ix86+x86_64