Last updated on 2023-02-07 07:53:57 CET.
Flavor | Version | Tinstall | Tcheck | Ttotal | Status | Flags |
---|---|---|---|---|---|---|
r-devel-linux-x86_64-debian-clang | 1.7-3 | 31.39 | 27.47 | 58.86 | NOTE | |
r-devel-linux-x86_64-debian-gcc | 1.7-3 | 21.88 | 20.80 | 42.68 | NOTE | |
r-devel-linux-x86_64-fedora-clang | 1.7-3 | 75.91 | NOTE | |||
r-devel-linux-x86_64-fedora-gcc | 1.7-3 | 71.84 | NOTE | |||
r-devel-windows-x86_64 | 1.7-3 | 49.00 | 72.00 | 121.00 | NOTE | |
r-patched-linux-x86_64 | 1.7-3 | 27.71 | 27.13 | 54.84 | OK | |
r-release-linux-x86_64 | 1.7-3 | 23.10 | 27.41 | 50.51 | OK | |
r-release-macos-arm64 | 1.7-3 | 30.00 | OK | |||
r-release-macos-x86_64 | 1.7-3 | 35.00 | OK | |||
r-release-windows-x86_64 | 1.7-3 | 41.00 | 74.00 | 115.00 | OK | |
r-oldrel-macos-arm64 | 1.7-3 | 31.00 | OK | |||
r-oldrel-macos-x86_64 | 1.7-3 | 44.00 | OK | |||
r-oldrel-windows-ix86+x86_64 | 1.7-3 | 62.00 | 68.00 | 130.00 | OK |
Version: 1.7-3
Check: C++ specification
Result: NOTE
Specified C++11: please update to current default of C++17
Flavors: r-devel-linux-x86_64-debian-clang, r-devel-linux-x86_64-debian-gcc, r-devel-linux-x86_64-fedora-clang, r-devel-linux-x86_64-fedora-gcc, r-devel-windows-x86_64