Last updated on 2023-05-30 08:02:16 CEST.
Flavor | Version | Tinstall | Tcheck | Ttotal | Status | Flags |
---|---|---|---|---|---|---|
r-devel-linux-x86_64-debian-clang | 0.6.15 | 149.43 | 134.03 | 283.46 | NOTE | |
r-devel-linux-x86_64-debian-gcc | 0.6.15 | 110.53 | 101.64 | 212.17 | NOTE | |
r-devel-linux-x86_64-fedora-clang | 0.6.15 | 401.11 | NOTE | |||
r-devel-linux-x86_64-fedora-gcc | 0.6.15 | 408.74 | NOTE | |||
r-devel-windows-x86_64 | 0.6.15 | 125.00 | 138.00 | 263.00 | NOTE | |
r-patched-linux-x86_64 | 0.6.15 | 102.86 | 126.53 | 229.39 | NOTE | |
r-release-linux-x86_64 | 0.6.15 | 89.02 | 126.94 | 215.96 | NOTE | |
r-release-macos-arm64 | 0.6.15 | 107.00 | NOTE | |||
r-release-macos-x86_64 | 0.6.15 | 177.00 | NOTE | |||
r-release-windows-x86_64 | 0.6.15 | 162.00 | 158.00 | 320.00 | NOTE | |
r-oldrel-macos-arm64 | 0.6.15 | 71.00 | NOTE | |||
r-oldrel-macos-x86_64 | 0.6.15 | 128.00 | NOTE | |||
r-oldrel-windows-x86_64 | 0.6.15 | 146.00 | 152.00 | 298.00 | NOTE |
Version: 0.6.15
Check: for GNU extensions in Makefiles
Result: NOTE
GNU make is a SystemRequirements.
Flavors: r-devel-linux-x86_64-debian-clang, r-devel-linux-x86_64-debian-gcc, r-devel-linux-x86_64-fedora-clang, r-devel-linux-x86_64-fedora-gcc, r-devel-windows-x86_64, r-patched-linux-x86_64, r-release-linux-x86_64, r-release-macos-arm64, r-release-macos-x86_64, r-release-windows-x86_64, r-oldrel-macos-arm64, r-oldrel-macos-x86_64, r-oldrel-windows-x86_64