CRAN Package Check Results for Package detrendr

Last updated on 2024-02-23 07:52:06 CET.

Flavor Version Tinstall Tcheck Ttotal Status Flags
r-devel-linux-x86_64-debian-clang 0.6.15 NOTE
r-devel-linux-x86_64-debian-gcc 0.6.15 110.83 96.85 207.68 NOTE
r-devel-linux-x86_64-fedora-clang 0.6.15 411.68 NOTE
r-devel-linux-x86_64-fedora-gcc 0.6.15 455.02 NOTE
r-devel-windows-x86_64 0.6.15 130.00 137.00 267.00 NOTE
r-patched-linux-x86_64 0.6.15 109.37 122.01 231.38 NOTE
r-release-linux-x86_64 0.6.15 105.94 123.89 229.83 NOTE
r-release-macos-arm64 0.6.15 107.00 NOTE
r-release-macos-x86_64 0.6.15 177.00 NOTE
r-release-windows-x86_64 0.6.15 163.00 150.00 313.00 NOTE
r-oldrel-macos-arm64 0.6.15 71.00 NOTE
r-oldrel-windows-x86_64 0.6.15 143.00 150.00 293.00 NOTE

Additional issues

Intel

Check Details

Version: 0.6.15
Check: for GNU extensions in Makefiles
Result: NOTE GNU make is a SystemRequirements. Flavors: r-devel-linux-x86_64-debian-clang, r-devel-linux-x86_64-debian-gcc, r-devel-linux-x86_64-fedora-clang, r-devel-linux-x86_64-fedora-gcc, r-devel-windows-x86_64, r-patched-linux-x86_64, r-release-linux-x86_64, r-release-macos-arm64, r-release-macos-x86_64, r-release-windows-x86_64, r-oldrel-macos-arm64, r-oldrel-windows-x86_64