Last updated on 2023-09-21 07:54:50 CEST.
Flavor | Version | Tinstall | Tcheck | Ttotal | Status | Flags |
---|---|---|---|---|---|---|
r-devel-linux-x86_64-debian-clang | 1.5-0 | 11.94 | 128.40 | 140.34 | NOTE | |
r-devel-linux-x86_64-debian-gcc | 1.5-0 | 9.13 | 89.25 | 98.38 | NOTE | |
r-devel-linux-x86_64-fedora-clang | 1.5-0 | 169.38 | NOTE | |||
r-devel-linux-x86_64-fedora-gcc | 1.5-0 | 178.25 | NOTE | |||
r-devel-windows-x86_64 | 1.5-0 | 12.00 | 147.00 | 159.00 | NOTE | |
r-patched-linux-x86_64 | 1.5-0 | 14.01 | 123.83 | 137.84 | NOTE | |
r-release-linux-x86_64 | 1.5-0 | 9.58 | 124.11 | 133.69 | NOTE | |
r-release-macos-arm64 | 1.5-0 | 68.00 | NOTE | |||
r-release-macos-x86_64 | 1.5-0 | 110.00 | NOTE | |||
r-release-windows-x86_64 | 1.5-0 | 16.00 | 154.00 | 170.00 | NOTE | |
r-oldrel-macos-arm64 | 1.5-0 | 57.00 | NOTE | |||
r-oldrel-macos-x86_64 | 1.5-0 | 73.00 | NOTE | |||
r-oldrel-windows-x86_64 | 1.5-0 | 16.00 | 156.00 | 172.00 | NOTE |
Version: 1.5-0
Check: package dependencies
Result: NOTE
Package suggested but not available for checking: ‘Rdonlp2’
Flavors: r-devel-linux-x86_64-debian-clang, r-devel-linux-x86_64-debian-gcc, r-devel-linux-x86_64-fedora-clang, r-devel-linux-x86_64-fedora-gcc, r-devel-windows-x86_64, r-patched-linux-x86_64, r-release-linux-x86_64, r-release-macos-arm64, r-release-macos-x86_64, r-release-windows-x86_64, r-oldrel-macos-arm64, r-oldrel-macos-x86_64, r-oldrel-windows-x86_64