CRAN Package Check Results for Package depmixS4

Last updated on 2024-07-25 07:56:02 CEST.

Flavor Version Tinstall Tcheck Ttotal Status Flags
r-devel-linux-x86_64-debian-clang 1.5-0 12.96 130.60 143.56 NOTE
r-devel-linux-x86_64-debian-gcc 1.5-0 9.49 92.86 102.35 NOTE
r-devel-linux-x86_64-fedora-clang 1.5-0 175.22 NOTE
r-devel-linux-x86_64-fedora-gcc 1.5-0 183.41 NOTE
r-devel-windows-x86_64 1.5-0 15.00 143.00 158.00 NOTE
r-patched-linux-x86_64 1.5-0 14.41 124.26 138.67 NOTE
r-release-linux-x86_64 1.5-0 10.50 129.75 140.25 NOTE
r-release-macos-arm64 1.5-0 55.00 NOTE
r-release-macos-x86_64 1.5-0 124.00 NOTE
r-release-windows-x86_64 1.5-0 11.00 144.00 155.00 NOTE
r-oldrel-macos-arm64 1.5-0 68.00 NOTE
r-oldrel-macos-x86_64 1.5-0 110.00 NOTE
r-oldrel-windows-x86_64 1.5-0 15.00 152.00 167.00 NOTE

Check Details

Version: 1.5-0
Check: package dependencies
Result: NOTE Package suggested but not available for checking: ‘Rdonlp2’ Flavors: r-devel-linux-x86_64-debian-clang, r-devel-linux-x86_64-debian-gcc, r-devel-linux-x86_64-fedora-clang, r-devel-linux-x86_64-fedora-gcc, r-devel-windows-x86_64, r-patched-linux-x86_64, r-release-linux-x86_64, r-release-macos-arm64, r-release-macos-x86_64, r-release-windows-x86_64, r-oldrel-macos-arm64, r-oldrel-macos-x86_64, r-oldrel-windows-x86_64

Version: 1.5-0
Check: Rd files
Result: NOTE checkRd: (-1) responses.Rd:68: Lost braces 68 | response. See code{\link{makeDepmix}} for an example of how to use | ^ Flavors: r-devel-linux-x86_64-debian-clang, r-devel-linux-x86_64-debian-gcc, r-devel-linux-x86_64-fedora-clang, r-devel-linux-x86_64-fedora-gcc, r-devel-windows-x86_64, r-patched-linux-x86_64, r-release-linux-x86_64, r-release-macos-arm64, r-release-macos-x86_64, r-release-windows-x86_64

Version: 1.5-0
Check: Rd cross-references
Result: NOTE Found the following Rd file(s) with Rd \link{} targets missing package anchors: depmix.fit.Rd: solnp response-classes.Rd: nnet vcov.Rd: nlme Please provide package anchors for all Rd \link{} targets not in the package itself and the base packages. Flavors: r-devel-linux-x86_64-debian-gcc, r-devel-windows-x86_64