Last updated on 2023-02-02 06:54:47 CET.
Flavor | Version | Tinstall | Tcheck | Ttotal | Status | Flags |
---|---|---|---|---|---|---|
r-devel-linux-x86_64-debian-clang | 1.0-2.1 | 175.91 | 113.24 | 289.15 | NOTE | |
r-devel-linux-x86_64-debian-gcc | 1.0-2.1 | 156.65 | 90.67 | 247.32 | NOTE | |
r-devel-linux-x86_64-fedora-clang | 1.0-2.1 | 398.35 | NOTE | |||
r-devel-linux-x86_64-fedora-gcc | 1.0-2.1 | 443.23 | NOTE | |||
r-patched-linux-x86_64 | 1.0-2.1 | 155.25 | 117.70 | 272.95 | OK | |
r-release-linux-x86_64 | 1.0-2.1 | 131.40 | 122.48 | 253.88 | OK | |
r-release-macos-arm64 | 1.0-2.1 | 105.00 | NOTE | |||
r-release-macos-x86_64 | 1.0-2.1 | 176.00 | NOTE | |||
r-release-windows-x86_64 | 1.0-2.1 | 192.00 | 198.00 | 390.00 | OK | |
r-oldrel-macos-arm64 | 1.0-2.1 | 106.00 | NOTE | |||
r-oldrel-macos-x86_64 | 1.0-2.1 | 135.00 | NOTE | |||
r-oldrel-windows-ix86+x86_64 | 1.0-2.1 | 418.00 | 220.00 | 638.00 | NOTE |
Version: 1.0-2.1
Check: C++ specification
Result: NOTE
Specified C++14: please update to current default of C++17
Flavors: r-devel-linux-x86_64-debian-clang, r-devel-linux-x86_64-debian-gcc, r-devel-linux-x86_64-fedora-clang, r-devel-linux-x86_64-fedora-gcc
Version: 1.0-2.1
Check: dependencies in R code
Result: NOTE
Namespaces in Imports field not imported from:
‘methods’ ‘rstantools’
All declared Imports should be used.
Flavors: r-devel-linux-x86_64-fedora-clang, r-devel-linux-x86_64-fedora-gcc, r-release-macos-arm64, r-release-macos-x86_64, r-oldrel-macos-arm64, r-oldrel-macos-x86_64
Version: 1.0-2.1
Check: installed package size
Result: NOTE
installed size is 37.0Mb
sub-directories of 1Mb or more:
doc 1.9Mb
libs 34.9Mb
Flavors: r-release-macos-arm64, r-release-macos-x86_64, r-oldrel-macos-arm64, r-oldrel-macos-x86_64, r-oldrel-windows-ix86+x86_64