Last updated on 2023-03-21 06:51:31 CET.
Flavor | Version | Tinstall | Tcheck | Ttotal | Status | Flags |
---|---|---|---|---|---|---|
r-devel-linux-x86_64-debian-clang | 3.1.1 | NOTE | ||||
r-devel-linux-x86_64-debian-gcc | 3.1.1 | 56.90 | 306.86 | 363.76 | NOTE | |
r-devel-linux-x86_64-fedora-clang | 3.1.1 | 672.79 | NOTE | |||
r-devel-linux-x86_64-fedora-gcc | 3.1.1 | 588.43 | NOTE | |||
r-devel-windows-x86_64 | 3.1.1 | 159.00 | 453.00 | 612.00 | NOTE | |
r-patched-linux-x86_64 | 3.1.1 | 61.86 | 411.60 | 473.46 | OK | |
r-release-linux-x86_64 | 3.1.1 | 47.75 | 401.03 | 448.78 | OK | |
r-release-macos-arm64 | 3.1.1 | 138.00 | OK | |||
r-release-macos-x86_64 | 3.1.1 | 178.00 | OK | |||
r-release-windows-x86_64 | 3.1.1 | 132.00 | 465.00 | 597.00 | OK | |
r-oldrel-macos-arm64 | 3.1.1 | 129.00 | OK | |||
r-oldrel-macos-x86_64 | 3.1.1 | 173.00 | OK | |||
r-oldrel-windows-ix86+x86_64 | 3.1.1 | 169.00 | 684.00 | 853.00 | OK |
Version: 3.1.1
Check: C++ specification
Result: NOTE
Specified C++11: please drop specification unless essential
Flavors: r-devel-linux-x86_64-debian-clang, r-devel-linux-x86_64-debian-gcc, r-devel-linux-x86_64-fedora-clang, r-devel-linux-x86_64-fedora-gcc, r-devel-windows-x86_64